{"id":1062,"date":"2019-09-26T08:29:56","date_gmt":"2019-09-26T08:29:56","guid":{"rendered":"http:\/\/sg-gueterfelde.de\/?page_id=1062"},"modified":"2019-09-26T08:29:56","modified_gmt":"2019-09-26T08:29:56","slug":"bericht-ueber-das-pfingstkonzert-2019","status":"publish","type":"page","link":"https:\/\/sg-gueterfelde.de\/?page_id=1062","title":{"rendered":"Bericht \u00fcber das Pfingstkonzert  2019"},"content":{"rendered":"<p><span style=\"font-family: Arial, serif;\"><span style=\"font-size: medium;\"><i>Die G\u00e4ste des traditionellen Pfingstkonzertes am Pfingstmontag hatten sich wieder zahlreich in guter Laune und froher Erwartung eingefunden. Es herrschte fr\u00f6hliche Stimmung bei Sonnenschein und der vierst\u00fcndigen Blas- und Swing-Musik. <\/i><\/span><\/span><\/p>\n<p><span style=\"font-family: Arial, serif;\"><span style=\"font-size: medium;\"><i>Nach einem kurzen Moment begann auch schon das Tanzen zur Musik. F\u00fcr die ersten Mutigen lockte zudem eine Flasche Wein, von der Blaskapelle gesponsert. <\/i><\/span><\/span><\/p>\n<p><span style=\"font-family: Arial, serif;\"><span style=\"font-size: medium;\"><i>Von den engagierten Musikern des St\u00fcckener Blasorchesters und der Alten Wache h\u00f6rten wir wieder, dass das Musizieren im B\u00fcrgerhausgarten in G\u00fcterfelde auch ihnen so viel Freude macht. Das haben uns auch viele G\u00e4ste best\u00e4tigt.<\/i><\/span><\/span><\/p>\n<p><span style=\"font-family: Arial, serif;\"><span style=\"font-size: medium;\"><i>Mit vielen, oft immer gleichen, Helfern und Helferinnen war auch die Vor- und Nachbereitung gut zu schaffen. St\u00fchle, B\u00e4nke, Tische, H\u00fcpfburg wurden transportiert, aufgestellt und ges\u00e4ubert (wegen des leichten Regens gleich zweimal). Dann schien mit Beginn des Festes die Sonne dauerhaft und angenehm. <\/i><\/span><\/span><\/p>\n<p><span style=\"font-family: Arial, serif;\"><span style=\"font-size: medium;\"><i>Nach der Aufr\u00e4umaktion am Dienstag waren die Helferinnen zu einem kleinen Dankesch\u00f6n-Picknick mit Kartoffelsalat und W\u00fcrstchen eingeladen.<\/i><\/span><\/span><\/p>\n<p><a href=\"https:\/\/sg-gueterfelde.de\/wp-content\/uploads\/2019\/09\/pfingsten_bericht.jpg\"><img loading=\"lazy\" decoding=\"async\" class=\"aligncenter size-full wp-image-1063\" src=\"https:\/\/sg-gueterfelde.de\/wp-content\/uploads\/2019\/09\/pfingsten_bericht.jpg\" alt=\"\" width=\"750\" height=\"563\" srcset=\"https:\/\/sg-gueterfelde.de\/wp-content\/uploads\/2019\/09\/pfingsten_bericht.jpg 750w, https:\/\/sg-gueterfelde.de\/wp-content\/uploads\/2019\/09\/pfingsten_bericht-300x225.jpg 300w\" sizes=\"auto, (max-width: 750px) 100vw, 750px\" \/><\/a><br \/>\n<a href=\"https:\/\/sg-gueterfelde.de\/wp-content\/uploads\/2019\/09\/pfingsten_bericht1.jpg\"><img loading=\"lazy\" decoding=\"async\" class=\"aligncenter size-full wp-image-1064\" src=\"https:\/\/sg-gueterfelde.de\/wp-content\/uploads\/2019\/09\/pfingsten_bericht1.jpg\" alt=\"\" width=\"750\" height=\"562\" srcset=\"https:\/\/sg-gueterfelde.de\/wp-content\/uploads\/2019\/09\/pfingsten_bericht1.jpg 750w, https:\/\/sg-gueterfelde.de\/wp-content\/uploads\/2019\/09\/pfingsten_bericht1-300x225.jpg 300w\" sizes=\"auto, (max-width: 750px) 100vw, 750px\" \/><\/a><br \/>\n<a href=\"https:\/\/sg-gueterfelde.de\/wp-content\/uploads\/2019\/09\/pfingsten_bericht2.jpg\"><img loading=\"lazy\" decoding=\"async\" class=\"aligncenter size-full wp-image-1065\" src=\"https:\/\/sg-gueterfelde.de\/wp-content\/uploads\/2019\/09\/pfingsten_bericht2.jpg\" alt=\"\" width=\"750\" height=\"563\" srcset=\"https:\/\/sg-gueterfelde.de\/wp-content\/uploads\/2019\/09\/pfingsten_bericht2.jpg 750w, https:\/\/sg-gueterfelde.de\/wp-content\/uploads\/2019\/09\/pfingsten_bericht2-300x225.jpg 300w\" sizes=\"auto, (max-width: 750px) 100vw, 750px\" \/><\/a><br \/>\n<a href=\"https:\/\/sg-gueterfelde.de\/wp-content\/uploads\/2019\/09\/pfingsten_bericht3.jpg\"><img loading=\"lazy\" decoding=\"async\" class=\"aligncenter size-full wp-image-1066\" src=\"https:\/\/sg-gueterfelde.de\/wp-content\/uploads\/2019\/09\/pfingsten_bericht3.jpg\" alt=\"\" width=\"750\" height=\"562\" srcset=\"https:\/\/sg-gueterfelde.de\/wp-content\/uploads\/2019\/09\/pfingsten_bericht3.jpg 750w, https:\/\/sg-gueterfelde.de\/wp-content\/uploads\/2019\/09\/pfingsten_bericht3-300x225.jpg 300w\" sizes=\"auto, (max-width: 750px) 100vw, 750px\" \/><\/a><\/p>\n<p><span style=\"font-family: Arial, serif;\"><span style=\"font-size: medium;\"><i>Das Pfingstkonzert, organisiert und gestaltet durch die SG G\u00fcterfelde, und unterst\u00fctzt durch Ortsbeirat, B\u00fcrgerhaus sowie den M\u00e4rkischen Partyservice und Getr\u00e4nke-Kruschke, wurde wieder ein gelungenes regionales Gemeinschafts-erlebnis. Die W\u00fcnsche aus der Begr\u00fc\u00dfung durch die Vorsitzende haben sich erf\u00fcllt: <\/i><\/span><\/span><\/p>\n<p align=\"CENTER\"><span style=\"font-family: Arial, serif;\">Lasst uns Freude haben bei Musik, wo sich jeder bald im Rhythmus wiegt.<\/span><\/p>\n<p align=\"CENTER\"><span style=\"font-family: Arial, serif;\">Lasst uns miteinander lachen und reden<\/span><\/p>\n<p align=\"CENTER\"><span style=\"font-family: Arial, serif;\">und so vier gute Stunden erleben.<\/span><\/p>\n<p align=\"CENTER\"><span style=\"font-family: Arial, serif;\">Lasst uns die Zeit hier im Garten froh verbringen,<\/span><\/p>\n<p align=\"CENTER\"><span style=\"font-family: Arial, serif;\">ohne mit Problemen und Sorgen zu ringen.<\/span><\/p>\n<p align=\"CENTER\"><span style=\"font-family: Arial, serif;\">Lasst uns was Gutes essen und auch das Trinken nicht vergessen.<\/span><\/p>\n<p align=\"CENTER\"><span style=\"font-family: Arial, serif;\">Besonders erfreut uns die schwungvolle Musik.<\/span><\/p>\n<p align=\"CENTER\"><span style=\"font-family: Arial, serif;\">Das St\u00fcckener Blasorchester und die Alte Wache<\/span><\/p>\n<p align=\"CENTER\"><span style=\"font-family: Arial, serif;\">bringen uns zu Pfingsten 2019 wieder dieses Gl\u00fcck.<\/span><\/p>\n<p align=\"CENTER\"><span style=\"font-family: Arial, serif;\">Wir begr\u00fc\u00dfen die Musiker und alle, alle G\u00e4ste<\/span><\/p>\n<p align=\"CENTER\"><span style=\"font-family: Arial, serif;\">mit hellem Beifall. Das ist doch das Beste.<\/span><\/p>\n<p align=\"CENTER\"><span style=\"font-family: Arial, serif;\">Oder?<\/span><\/p>\n<p align=\"CENTER\"><span style=\"font-family: Arial, serif;\">Wir danken den unerm\u00fcdlichen Helfern und Helferinnen, den<\/span><\/p>\n<p align=\"CENTER\"><span style=\"font-family: Arial, serif;\">Sportfreunden und dem Ortsvorstand.<\/span><\/p>\n<p align=\"CENTER\"><span style=\"font-family: Arial, serif;\">So gehen uns die vielen Vorbereitungen immer wieder gut von der Hand.<\/span><\/p>\n<p align=\"CENTER\"><span style=\"font-family: Arial, serif;\"><i>Danke f\u00fcr das Dabeisein beim unterhaltsamen Pfingstmontag allen \u2026.<\/i><\/span><\/p>\n<div class=\"pvc_clear\"><\/div>\n<p id=\"pvc_stats_1062\" class=\"pvc_stats all  \" data-element-id=\"1062\" style=\"\"><i class=\"pvc-stats-icon small\" aria-hidden=\"true\"><svg aria-hidden=\"true\" focusable=\"false\" data-prefix=\"far\" data-icon=\"chart-bar\" role=\"img\" xmlns=\"http:\/\/www.w3.org\/2000\/svg\" viewBox=\"0 0 512 512\" class=\"svg-inline--fa fa-chart-bar fa-w-16 fa-2x\"><path fill=\"currentColor\" d=\"M396.8 352h22.4c6.4 0 12.8-6.4 12.8-12.8V108.8c0-6.4-6.4-12.8-12.8-12.8h-22.4c-6.4 0-12.8 6.4-12.8 12.8v230.4c0 6.4 6.4 12.8 12.8 12.8zm-192 0h22.4c6.4 0 12.8-6.4 12.8-12.8V140.8c0-6.4-6.4-12.8-12.8-12.8h-22.4c-6.4 0-12.8 6.4-12.8 12.8v198.4c0 6.4 6.4 12.8 12.8 12.8zm96 0h22.4c6.4 0 12.8-6.4 12.8-12.8V204.8c0-6.4-6.4-12.8-12.8-12.8h-22.4c-6.4 0-12.8 6.4-12.8 12.8v134.4c0 6.4 6.4 12.8 12.8 12.8zM496 400H48V80c0-8.84-7.16-16-16-16H16C7.16 64 0 71.16 0 80v336c0 17.67 14.33 32 32 32h464c8.84 0 16-7.16 16-16v-16c0-8.84-7.16-16-16-16zm-387.2-48h22.4c6.4 0 12.8-6.4 12.8-12.8v-70.4c0-6.4-6.4-12.8-12.8-12.8h-22.4c-6.4 0-12.8 6.4-12.8 12.8v70.4c0 6.4 6.4 12.8 12.8 12.8z\" class=\"\"><\/path><\/svg><\/i> <img loading=\"lazy\" decoding=\"async\" width=\"16\" height=\"16\" alt=\"Loading\" src=\"https:\/\/sg-gueterfelde.de\/wp-content\/plugins\/page-views-count\/ajax-loader-2x.gif\" border=0 \/><\/p>\n<div class=\"pvc_clear\"><\/div>\n","protected":false},"excerpt":{"rendered":"<p>Die G\u00e4ste des traditionellen Pfingstkonzertes am Pfingstmontag hatten sich wieder zahlreich in guter Laune und froher Erwartung eingefunden. Es herrschte fr\u00f6hliche Stimmung bei Sonnenschein und der vierst\u00fcndigen Blas- und Swing-Musik. Nach einem kurzen Moment begann auch schon das Tanzen zur Musik. F\u00fcr die ersten Mutigen lockte zudem eine Flasche Wein, von der Blaskapelle gesponsert. Von <span class=\"ellipsis\">&hellip;<\/span> <span class=\"more-link-wrap\"><a href=\"https:\/\/sg-gueterfelde.de\/?page_id=1062\" class=\"more-link\"><span>Read More &rarr;<\/span><\/a><\/span><\/p>\n<div class=\"pvc_clear\"><\/div>\n<p id=\"pvc_stats_1062\" class=\"pvc_stats all  \" data-element-id=\"1062\" style=\"\"><i class=\"pvc-stats-icon small\" aria-hidden=\"true\"><svg aria-hidden=\"true\" focusable=\"false\" data-prefix=\"far\" data-icon=\"chart-bar\" role=\"img\" xmlns=\"http:\/\/www.w3.org\/2000\/svg\" viewBox=\"0 0 512 512\" class=\"svg-inline--fa fa-chart-bar fa-w-16 fa-2x\"><path fill=\"currentColor\" d=\"M396.8 352h22.4c6.4 0 12.8-6.4 12.8-12.8V108.8c0-6.4-6.4-12.8-12.8-12.8h-22.4c-6.4 0-12.8 6.4-12.8 12.8v230.4c0 6.4 6.4 12.8 12.8 12.8zm-192 0h22.4c6.4 0 12.8-6.4 12.8-12.8V140.8c0-6.4-6.4-12.8-12.8-12.8h-22.4c-6.4 0-12.8 6.4-12.8 12.8v198.4c0 6.4 6.4 12.8 12.8 12.8zm96 0h22.4c6.4 0 12.8-6.4 12.8-12.8V204.8c0-6.4-6.4-12.8-12.8-12.8h-22.4c-6.4 0-12.8 6.4-12.8 12.8v134.4c0 6.4 6.4 12.8 12.8 12.8zM496 400H48V80c0-8.84-7.16-16-16-16H16C7.16 64 0 71.16 0 80v336c0 17.67 14.33 32 32 32h464c8.84 0 16-7.16 16-16v-16c0-8.84-7.16-16-16-16zm-387.2-48h22.4c6.4 0 12.8-6.4 12.8-12.8v-70.4c0-6.4-6.4-12.8-12.8-12.8h-22.4c-6.4 0-12.8 6.4-12.8 12.8v70.4c0 6.4 6.4 12.8 12.8 12.8z\" class=\"\"><\/path><\/svg><\/i> <img loading=\"lazy\" decoding=\"async\" width=\"16\" height=\"16\" alt=\"Loading\" src=\"https:\/\/sg-gueterfelde.de\/wp-content\/plugins\/page-views-count\/ajax-loader-2x.gif\" border=0 \/><\/p>\n<div class=\"pvc_clear\"><\/div>\n","protected":false},"author":1,"featured_media":0,"parent":0,"menu_order":0,"comment_status":"closed","ping_status":"closed","template":"","meta":{"ngg_post_thumbnail":0,"footnotes":"","_links_to":"","_links_to_target":""},"class_list":["post-1062","page","type-page","status-publish","hentry"],"_links":{"self":[{"href":"https:\/\/sg-gueterfelde.de\/index.php?rest_route=\/wp\/v2\/pages\/1062","targetHints":{"allow":["GET"]}}],"collection":[{"href":"https:\/\/sg-gueterfelde.de\/index.php?rest_route=\/wp\/v2\/pages"}],"about":[{"href":"https:\/\/sg-gueterfelde.de\/index.php?rest_route=\/wp\/v2\/types\/page"}],"author":[{"embeddable":true,"href":"https:\/\/sg-gueterfelde.de\/index.php?rest_route=\/wp\/v2\/users\/1"}],"replies":[{"embeddable":true,"href":"https:\/\/sg-gueterfelde.de\/index.php?rest_route=%2Fwp%2Fv2%2Fcomments&post=1062"}],"version-history":[{"count":1,"href":"https:\/\/sg-gueterfelde.de\/index.php?rest_route=\/wp\/v2\/pages\/1062\/revisions"}],"predecessor-version":[{"id":1067,"href":"https:\/\/sg-gueterfelde.de\/index.php?rest_route=\/wp\/v2\/pages\/1062\/revisions\/1067"}],"wp:attachment":[{"href":"https:\/\/sg-gueterfelde.de\/index.php?rest_route=%2Fwp%2Fv2%2Fmedia&parent=1062"}],"curies":[{"name":"wp","href":"https:\/\/api.w.org\/{rel}","templated":true}]}}