{"id":1437,"date":"2014-01-01T12:10:00","date_gmt":"2014-01-01T11:10:00","guid":{"rendered":"https:\/\/sg-gueterfelde.de\/?page_id=1437"},"modified":"2024-07-01T12:20:45","modified_gmt":"2024-07-01T10:20:45","slug":"archiv-2013","status":"publish","type":"page","link":"https:\/\/sg-gueterfelde.de\/?page_id=1437","title":{"rendered":"Archiv 2013"},"content":{"rendered":"\n<div class=\"wp-block-query is-layout-flow wp-block-query-is-layout-flow\"><ul class=\"wp-block-post-template is-layout-flow wp-block-post-template-is-layout-flow\"><li class=\"wp-block-post post-1418 post type-post status-publish format-standard hentry category-bericht\">\n<h2 class=\"wp-block-post-title\">Gro\u00dffeldspiel in Ruhlsdorf<\/h2>\n\n<div class=\"wp-block-post-date\"><time datetime=\"2013-08-10T11:37:00+02:00\">August 10, 2013<\/time><\/div>\n\n<div class=\"wp-block-post-excerpt\"><p class=\"wp-block-post-excerpt__excerpt\">Der SV Ruhlsdorf 1893 e.V. beging am 10.8.2013 das 120j\u00e4hrige Vereinsjubil\u00e4um. Im Rahmen der sportlichen Aktivit\u00e4ten auf dem Ruhlsdorfer Friedrich-Friesen-Sportplatz wurde unsere Mannschaft zu einem Ereignis der besonderen Art eingeladen. Eine leider fast vergessene Spielart des Handballs wurde reanimiert: Feldhandball. Bis zu Beginn der 1970er Jahre gab es Handball auf dem Gro\u00dffeld. Sp\u00e4ter setzte sich&hellip; <\/p><\/div>\n<\/li><li class=\"wp-block-post post-1420 post type-post status-publish format-standard hentry category-bericht\">\n<h2 class=\"wp-block-post-title\">50. Traditionsturnier der HSG Ahrensdorf\/Schenkenhorst<\/h2>\n\n<div class=\"wp-block-post-date\"><time datetime=\"2013-06-29T11:37:00+02:00\">Juni 29, 2013<\/time><\/div>\n\n<div class=\"wp-block-post-excerpt\"><p class=\"wp-block-post-excerpt__excerpt\">An jedem letzten Samstag im Juni veranstaltet die HSG Ahrensdorf\/Schenkenhorst ihr Handballturnier auf dem Sportplatz in Schenkenhorst. Am 29.6.2013 stand diesmal die Jubil\u00e4umsausgabe an, denn zum 50. Mal trafen sich die Mannschaften zum sportlichen Vergleich. Das Turnier ist traditionell gespickt mit h\u00f6herklassigen Mannschaften, die im regelm\u00e4\u00dfigen Punktspielbetrieb stehen. F\u00fcr unsere Freizeittruppe war die Zielstellung in&hellip; <\/p><\/div>\n<\/li><li class=\"wp-block-post post-1422 post type-post status-publish format-standard hentry category-bericht\">\n<h2 class=\"wp-block-post-title\">Erneut Platz 2 in Potsdam!<\/h2>\n\n<div class=\"wp-block-post-date\"><time datetime=\"2013-05-25T11:38:00+02:00\">Mai 25, 2013<\/time><\/div>\n\n<div class=\"wp-block-post-excerpt\"><p class=\"wp-block-post-excerpt__excerpt\">Am 25.5.2013 hatte die Altherrenmannschaft des VfL Potsdam zu ihrem traditionellen Turnier in der Sporthalle Kirchsteigfeld geladen. Die SG G\u00fcterfelde nahm bereits zum wiederholten Male an dieser Veranstaltung teil. Sechs Mannschaften stritten diesmal um den Turniersieg. Unser Team wollte die guten Leistungen des Fr\u00fchjahrs auch in Potsdam best\u00e4tigen. Bereits das erste Spiel gegen Werder sollte&hellip; <\/p><\/div>\n<\/li><\/ul>\n\n<nav class=\"wp-block-query-pagination is-layout-flex wp-block-query-pagination-is-layout-flex\" aria-label=\"Seitennummerierung\">\n\n\n<div class=\"wp-block-query-pagination-numbers\"><span aria-current=\"page\" class=\"page-numbers current\">1<\/span>\n<a class=\"page-numbers\" href=\"?query-0-page=2&#038;rest_route=%2Fwp%2Fv2%2Fpages%2F1437\">2<\/a><\/div>\n\n<a href=\"\/index.php?rest_route=%2Fwp%2Fv2%2Fpages%2F1437&#038;query-0-page=2\" class=\"wp-block-query-pagination-next\">N\u00e4chste Seite<\/a>\n<\/nav>\n\n<\/div>\n<div class=\"pvc_clear\"><\/div><p id=\"pvc_stats_1437\" class=\"pvc_stats all  \" data-element-id=\"1437\" style=\"\"><i class=\"pvc-stats-icon small\" aria-hidden=\"true\"><svg aria-hidden=\"true\" focusable=\"false\" data-prefix=\"far\" data-icon=\"chart-bar\" role=\"img\" xmlns=\"http:\/\/www.w3.org\/2000\/svg\" viewBox=\"0 0 512 512\" class=\"svg-inline--fa fa-chart-bar fa-w-16 fa-2x\"><path fill=\"currentColor\" d=\"M396.8 352h22.4c6.4 0 12.8-6.4 12.8-12.8V108.8c0-6.4-6.4-12.8-12.8-12.8h-22.4c-6.4 0-12.8 6.4-12.8 12.8v230.4c0 6.4 6.4 12.8 12.8 12.8zm-192 0h22.4c6.4 0 12.8-6.4 12.8-12.8V140.8c0-6.4-6.4-12.8-12.8-12.8h-22.4c-6.4 0-12.8 6.4-12.8 12.8v198.4c0 6.4 6.4 12.8 12.8 12.8zm96 0h22.4c6.4 0 12.8-6.4 12.8-12.8V204.8c0-6.4-6.4-12.8-12.8-12.8h-22.4c-6.4 0-12.8 6.4-12.8 12.8v134.4c0 6.4 6.4 12.8 12.8 12.8zM496 400H48V80c0-8.84-7.16-16-16-16H16C7.16 64 0 71.16 0 80v336c0 17.67 14.33 32 32 32h464c8.84 0 16-7.16 16-16v-16c0-8.84-7.16-16-16-16zm-387.2-48h22.4c6.4 0 12.8-6.4 12.8-12.8v-70.4c0-6.4-6.4-12.8-12.8-12.8h-22.4c-6.4 0-12.8 6.4-12.8 12.8v70.4c0 6.4 6.4 12.8 12.8 12.8z\" class=\"\"><\/path><\/svg><\/i> <img loading=\"lazy\" decoding=\"async\" width=\"16\" height=\"16\" alt=\"Loading\" src=\"https:\/\/sg-gueterfelde.de\/wp-content\/plugins\/page-views-count\/ajax-loader-2x.gif\" border=0 \/><\/p><div class=\"pvc_clear\"><\/div>","protected":false},"excerpt":{"rendered":"<div class=\"pvc_clear\"><\/div>\n<p id=\"pvc_stats_1437\" class=\"pvc_stats all  \" data-element-id=\"1437\" style=\"\"><i class=\"pvc-stats-icon small\" aria-hidden=\"true\"><svg aria-hidden=\"true\" focusable=\"false\" data-prefix=\"far\" data-icon=\"chart-bar\" role=\"img\" xmlns=\"http:\/\/www.w3.org\/2000\/svg\" viewBox=\"0 0 512 512\" class=\"svg-inline--fa fa-chart-bar fa-w-16 fa-2x\"><path fill=\"currentColor\" d=\"M396.8 352h22.4c6.4 0 12.8-6.4 12.8-12.8V108.8c0-6.4-6.4-12.8-12.8-12.8h-22.4c-6.4 0-12.8 6.4-12.8 12.8v230.4c0 6.4 6.4 12.8 12.8 12.8zm-192 0h22.4c6.4 0 12.8-6.4 12.8-12.8V140.8c0-6.4-6.4-12.8-12.8-12.8h-22.4c-6.4 0-12.8 6.4-12.8 12.8v198.4c0 6.4 6.4 12.8 12.8 12.8zm96 0h22.4c6.4 0 12.8-6.4 12.8-12.8V204.8c0-6.4-6.4-12.8-12.8-12.8h-22.4c-6.4 0-12.8 6.4-12.8 12.8v134.4c0 6.4 6.4 12.8 12.8 12.8zM496 400H48V80c0-8.84-7.16-16-16-16H16C7.16 64 0 71.16 0 80v336c0 17.67 14.33 32 32 32h464c8.84 0 16-7.16 16-16v-16c0-8.84-7.16-16-16-16zm-387.2-48h22.4c6.4 0 12.8-6.4 12.8-12.8v-70.4c0-6.4-6.4-12.8-12.8-12.8h-22.4c-6.4 0-12.8 6.4-12.8 12.8v70.4c0 6.4 6.4 12.8 12.8 12.8z\" class=\"\"><\/path><\/svg><\/i> <img loading=\"lazy\" decoding=\"async\" width=\"16\" height=\"16\" alt=\"Loading\" src=\"https:\/\/sg-gueterfelde.de\/wp-content\/plugins\/page-views-count\/ajax-loader-2x.gif\" border=0 \/><\/p>\n<div class=\"pvc_clear\"><\/div>\n","protected":false},"author":2,"featured_media":0,"parent":173,"menu_order":5,"comment_status":"closed","ping_status":"closed","template":"","meta":{"ngg_post_thumbnail":0,"footnotes":"","_links_to":"","_links_to_target":""},"class_list":["post-1437","page","type-page","status-publish","hentry"],"_links":{"self":[{"href":"https:\/\/sg-gueterfelde.de\/index.php?rest_route=\/wp\/v2\/pages\/1437","targetHints":{"allow":["GET"]}}],"collection":[{"href":"https:\/\/sg-gueterfelde.de\/index.php?rest_route=\/wp\/v2\/pages"}],"about":[{"href":"https:\/\/sg-gueterfelde.de\/index.php?rest_route=\/wp\/v2\/types\/page"}],"author":[{"embeddable":true,"href":"https:\/\/sg-gueterfelde.de\/index.php?rest_route=\/wp\/v2\/users\/2"}],"replies":[{"embeddable":true,"href":"https:\/\/sg-gueterfelde.de\/index.php?rest_route=%2Fwp%2Fv2%2Fcomments&post=1437"}],"version-history":[{"count":1,"href":"https:\/\/sg-gueterfelde.de\/index.php?rest_route=\/wp\/v2\/pages\/1437\/revisions"}],"predecessor-version":[{"id":1440,"href":"https:\/\/sg-gueterfelde.de\/index.php?rest_route=\/wp\/v2\/pages\/1437\/revisions\/1440"}],"up":[{"embeddable":true,"href":"https:\/\/sg-gueterfelde.de\/index.php?rest_route=\/wp\/v2\/pages\/173"}],"wp:attachment":[{"href":"https:\/\/sg-gueterfelde.de\/index.php?rest_route=%2Fwp%2Fv2%2Fmedia&parent=1437"}],"curies":[{"name":"wp","href":"https:\/\/api.w.org\/{rel}","templated":true}]}}