{"id":541,"date":"2015-10-06T11:33:46","date_gmt":"2015-10-06T11:33:46","guid":{"rendered":"http:\/\/sg-gueterfelde.de\/?page_id=541"},"modified":"2015-10-06T11:47:48","modified_gmt":"2015-10-06T11:47:48","slug":"unsere-juengsten-vereinsmitglieder-kinder-aus-der-kita-in-gueterfelde","status":"publish","type":"page","link":"https:\/\/sg-gueterfelde.de\/?page_id=541","title":{"rendered":"Unsere j\u00fcngsten Vereinsmitglieder &#8211; Kinder aus der Kita in G\u00fcterfelde"},"content":{"rendered":"<p style=\"text-align: left; font-family: verdana,geneva; font-size: 12px;\">Mit Herbstbeginn werden nicht nur die Farben der Natur, sondern auch die unserer Sportgemeinschaft bunter. Wir konnten seit September mit einer Gruppe \u201eKindertanz\u201c junge Sportmitglieder gewinnen und unsere Angebote bereichern. Dar\u00fcber freuen wir uns sehr.<\/p>\n<p style=\"text-align: left; font-family: verdana,geneva; font-size: 12px;\">Dass das gelingen konnte, verdanken wir der Kooperation von Sportvorstand, Kita-Leitung und den interessierten Eltern. Frau Sandra Bicher hat engagiert die Organisation und Federf\u00fchrung seitens der Eltern \u00fcbernommen.<\/p>\n<p style=\"text-align: left; font-family: verdana,geneva; font-size: 12px;\">Als Trainerin konnte die in der Arbeit mit Kindern sehr erfahrene Frau Sonja Sipos gewonnen werden.<\/p>\n<p style=\"text-align: left; font-family: verdana,geneva; font-size: 12px;\">Beim ersten Treffen von Frau Bicher, Frau Brandt, Frau Sipos mit der Vereinsvorsitzenden, Frau Waldmann, sowie dem Hauptkassierer, Andreas Sieke am 28. Mai 2015 wurden bereits alle Rahmenbedingungen und Vorgehensweisen einvernehmlich besprochen. In einer \u201eSchnupperphase\u201c konnten die Eltern einen Eindruck gewinnen und die Kinder sich ausprobieren.<\/p>\n<p style=\"text-align: left; font-family: verdana,geneva; font-size: 12px;\">Seit dem 4. September trainiert nun eine Kinder-Gruppe kontinuierlich immer Freitag von 15.00 bis 16.00 Uhr in der Turnhalle in G\u00fcterfelde und unsere Sportgemeinschaft hat somit 12 neue j\u00fcngste Mitglieder aufnehmen k\u00f6nnen.<\/p>\n<p style=\"text-align: left; font-family: verdana,geneva; font-size: 12px;\"><i>Dr. Elvira Waldmann, Vorsitzende der SG<\/i><\/p>\n<p align=\"JUSTIFY\"><a href=\"https:\/\/sg-gueterfelde.de\/wp-content\/uploads\/2015\/10\/kindertanz_herbst.jpg\"><img loading=\"lazy\" decoding=\"async\" class=\"aligncenter size-full wp-image-542\" src=\"https:\/\/sg-gueterfelde.de\/wp-content\/uploads\/2015\/10\/kindertanz_herbst.jpg\" alt=\"kindertanz_herbst\" width=\"750\" height=\"562\" srcset=\"https:\/\/sg-gueterfelde.de\/wp-content\/uploads\/2015\/10\/kindertanz_herbst.jpg 750w, https:\/\/sg-gueterfelde.de\/wp-content\/uploads\/2015\/10\/kindertanz_herbst-300x225.jpg 300w\" sizes=\"auto, (max-width: 750px) 100vw, 750px\" \/><\/a><\/p>\n<p align=\"JUSTIFY\">\n<div class=\"pvc_clear\"><\/div>\n<p id=\"pvc_stats_541\" class=\"pvc_stats all  \" data-element-id=\"541\" style=\"\"><i class=\"pvc-stats-icon small\" aria-hidden=\"true\"><svg aria-hidden=\"true\" focusable=\"false\" data-prefix=\"far\" data-icon=\"chart-bar\" role=\"img\" xmlns=\"http:\/\/www.w3.org\/2000\/svg\" viewBox=\"0 0 512 512\" class=\"svg-inline--fa fa-chart-bar fa-w-16 fa-2x\"><path fill=\"currentColor\" d=\"M396.8 352h22.4c6.4 0 12.8-6.4 12.8-12.8V108.8c0-6.4-6.4-12.8-12.8-12.8h-22.4c-6.4 0-12.8 6.4-12.8 12.8v230.4c0 6.4 6.4 12.8 12.8 12.8zm-192 0h22.4c6.4 0 12.8-6.4 12.8-12.8V140.8c0-6.4-6.4-12.8-12.8-12.8h-22.4c-6.4 0-12.8 6.4-12.8 12.8v198.4c0 6.4 6.4 12.8 12.8 12.8zm96 0h22.4c6.4 0 12.8-6.4 12.8-12.8V204.8c0-6.4-6.4-12.8-12.8-12.8h-22.4c-6.4 0-12.8 6.4-12.8 12.8v134.4c0 6.4 6.4 12.8 12.8 12.8zM496 400H48V80c0-8.84-7.16-16-16-16H16C7.16 64 0 71.16 0 80v336c0 17.67 14.33 32 32 32h464c8.84 0 16-7.16 16-16v-16c0-8.84-7.16-16-16-16zm-387.2-48h22.4c6.4 0 12.8-6.4 12.8-12.8v-70.4c0-6.4-6.4-12.8-12.8-12.8h-22.4c-6.4 0-12.8 6.4-12.8 12.8v70.4c0 6.4 6.4 12.8 12.8 12.8z\" class=\"\"><\/path><\/svg><\/i> <img loading=\"lazy\" decoding=\"async\" width=\"16\" height=\"16\" alt=\"Loading\" src=\"https:\/\/sg-gueterfelde.de\/wp-content\/plugins\/page-views-count\/ajax-loader-2x.gif\" border=0 \/><\/p>\n<div class=\"pvc_clear\"><\/div>\n","protected":false},"excerpt":{"rendered":"<p>Mit Herbstbeginn werden nicht nur die Farben der Natur, sondern auch die unserer Sportgemeinschaft bunter. Wir konnten seit September mit einer Gruppe \u201eKindertanz\u201c junge Sportmitglieder gewinnen und unsere Angebote bereichern. Dar\u00fcber freuen wir uns sehr. Dass das gelingen konnte, verdanken wir der Kooperation von Sportvorstand, Kita-Leitung und den interessierten Eltern. Frau Sandra Bicher hat engagiert <span class=\"ellipsis\">&hellip;<\/span> <span class=\"more-link-wrap\"><a href=\"https:\/\/sg-gueterfelde.de\/?page_id=541\" class=\"more-link\"><span>Read More &rarr;<\/span><\/a><\/span><\/p>\n<div class=\"pvc_clear\"><\/div>\n<p id=\"pvc_stats_541\" class=\"pvc_stats all  \" data-element-id=\"541\" style=\"\"><i class=\"pvc-stats-icon small\" aria-hidden=\"true\"><svg aria-hidden=\"true\" focusable=\"false\" data-prefix=\"far\" data-icon=\"chart-bar\" role=\"img\" xmlns=\"http:\/\/www.w3.org\/2000\/svg\" viewBox=\"0 0 512 512\" class=\"svg-inline--fa fa-chart-bar fa-w-16 fa-2x\"><path fill=\"currentColor\" d=\"M396.8 352h22.4c6.4 0 12.8-6.4 12.8-12.8V108.8c0-6.4-6.4-12.8-12.8-12.8h-22.4c-6.4 0-12.8 6.4-12.8 12.8v230.4c0 6.4 6.4 12.8 12.8 12.8zm-192 0h22.4c6.4 0 12.8-6.4 12.8-12.8V140.8c0-6.4-6.4-12.8-12.8-12.8h-22.4c-6.4 0-12.8 6.4-12.8 12.8v198.4c0 6.4 6.4 12.8 12.8 12.8zm96 0h22.4c6.4 0 12.8-6.4 12.8-12.8V204.8c0-6.4-6.4-12.8-12.8-12.8h-22.4c-6.4 0-12.8 6.4-12.8 12.8v134.4c0 6.4 6.4 12.8 12.8 12.8zM496 400H48V80c0-8.84-7.16-16-16-16H16C7.16 64 0 71.16 0 80v336c0 17.67 14.33 32 32 32h464c8.84 0 16-7.16 16-16v-16c0-8.84-7.16-16-16-16zm-387.2-48h22.4c6.4 0 12.8-6.4 12.8-12.8v-70.4c0-6.4-6.4-12.8-12.8-12.8h-22.4c-6.4 0-12.8 6.4-12.8 12.8v70.4c0 6.4 6.4 12.8 12.8 12.8z\" class=\"\"><\/path><\/svg><\/i> <img loading=\"lazy\" decoding=\"async\" width=\"16\" height=\"16\" alt=\"Loading\" src=\"https:\/\/sg-gueterfelde.de\/wp-content\/plugins\/page-views-count\/ajax-loader-2x.gif\" border=0 \/><\/p>\n<div class=\"pvc_clear\"><\/div>\n","protected":false},"author":1,"featured_media":0,"parent":0,"menu_order":0,"comment_status":"closed","ping_status":"open","template":"","meta":{"ngg_post_thumbnail":0,"footnotes":"","_links_to":"","_links_to_target":""},"class_list":["post-541","page","type-page","status-publish","hentry"],"_links":{"self":[{"href":"https:\/\/sg-gueterfelde.de\/index.php?rest_route=\/wp\/v2\/pages\/541","targetHints":{"allow":["GET"]}}],"collection":[{"href":"https:\/\/sg-gueterfelde.de\/index.php?rest_route=\/wp\/v2\/pages"}],"about":[{"href":"https:\/\/sg-gueterfelde.de\/index.php?rest_route=\/wp\/v2\/types\/page"}],"author":[{"embeddable":true,"href":"https:\/\/sg-gueterfelde.de\/index.php?rest_route=\/wp\/v2\/users\/1"}],"replies":[{"embeddable":true,"href":"https:\/\/sg-gueterfelde.de\/index.php?rest_route=%2Fwp%2Fv2%2Fcomments&post=541"}],"version-history":[{"count":2,"href":"https:\/\/sg-gueterfelde.de\/index.php?rest_route=\/wp\/v2\/pages\/541\/revisions"}],"predecessor-version":[{"id":552,"href":"https:\/\/sg-gueterfelde.de\/index.php?rest_route=\/wp\/v2\/pages\/541\/revisions\/552"}],"wp:attachment":[{"href":"https:\/\/sg-gueterfelde.de\/index.php?rest_route=%2Fwp%2Fv2%2Fmedia&parent=541"}],"curies":[{"name":"wp","href":"https:\/\/api.w.org\/{rel}","templated":true}]}}