{"id":605,"date":"2016-01-25T11:50:09","date_gmt":"2016-01-25T11:50:09","guid":{"rendered":"http:\/\/sg-gueterfelde.de\/?page_id=605"},"modified":"2016-01-25T11:50:09","modified_gmt":"2016-01-25T11:50:09","slug":"freude-am-beisammensein-in-der-adventszeit","status":"publish","type":"page","link":"https:\/\/sg-gueterfelde.de\/?page_id=605","title":{"rendered":"Freude am Beisammensein in der Adventszeit"},"content":{"rendered":"<p align=\"JUSTIFY\"><span style=\"font-family: verdana,geneva; font-size: 12px;\">Die Weihnachtsfeier der Passiven ist seit einigen Jahren schon ein H\u00f6hepunkt f\u00fcr die Sportfreundinnen und Sportfreunde der Sportgemeinschaft, die nicht mehr am aktiven Sportleben teilnehmen k\u00f6nnen. Am 27. November trafen sie sich im B\u00fcrgerhaus mit einigen Mitgliedern des Vorstandes zum vorweihnachtlichen Beisammensein.<\/span><\/p>\n<p align=\"JUSTIFY\"><span style=\"font-family: verdana,geneva; font-size: 12px;\">Die 30 Teilnehmenden erlebten neben gutem Essen und Trinken ein kleines Kulturprogramm von den Vorstandsportfrauen, machten beim Singen vom Weihnachtslied mit und konnten sich mit den anderen Sportfreunden angeregt unterhalten.<\/span><\/p>\n<p align=\"JUSTIFY\"><span style=\"font-family: verdana,geneva; font-size: 12px;\">Es hat allen auch richtige Freude gemacht, mal wieder auf die anderen Sportfreunde zu treffen und voneinander zu h\u00f6ren. Wir danken dem Vorbereitungsteam des Vorstandes f\u00fcr die gute Gestaltung der Feier.<\/span><\/p>\n<p align=\"JUSTIFY\"><span style=\"font-size: 12px; font-family: verdana,geneva;\">Bericht: E. Waldmann, Fotos: J. Hitschke, E. Waldmann<\/span><\/p>\n<p align=\"JUSTIFY\"><span style=\"font-size: 12px; font-family: verdana,geneva;\"><a href=\"https:\/\/sg-gueterfelde.de\/wp-content\/uploads\/2016\/01\/passive_weihn_2015_3.jpg\"><img loading=\"lazy\" decoding=\"async\" class=\"aligncenter size-full wp-image-607\" src=\"https:\/\/sg-gueterfelde.de\/wp-content\/uploads\/2016\/01\/passive_weihn_2015_1.jpg\" alt=\"Weihnachtsfeier passive Mitg. 2015\" width=\"500\" height=\"375\" srcset=\"https:\/\/sg-gueterfelde.de\/wp-content\/uploads\/2016\/01\/passive_weihn_2015_1.jpg 500w, https:\/\/sg-gueterfelde.de\/wp-content\/uploads\/2016\/01\/passive_weihn_2015_1-300x225.jpg 300w\" sizes=\"auto, (max-width: 500px) 100vw, 500px\" \/><\/a><\/span><\/p>\n<p align=\"JUSTIFY\"><span style=\"font-size: 12px; font-family: verdana,geneva;\"><a href=\"https:\/\/sg-gueterfelde.de\/wp-content\/uploads\/2016\/01\/passive_weihn_2015_3.jpg\"><img loading=\"lazy\" decoding=\"async\" class=\"aligncenter size-full wp-image-606\" src=\"https:\/\/sg-gueterfelde.de\/wp-content\/uploads\/2016\/01\/passive_weihn_2015_3.jpg\" alt=\"Weihnachtsfeier passive Mitg. 2015\" width=\"500\" height=\"375\" srcset=\"https:\/\/sg-gueterfelde.de\/wp-content\/uploads\/2016\/01\/passive_weihn_2015_3.jpg 500w, https:\/\/sg-gueterfelde.de\/wp-content\/uploads\/2016\/01\/passive_weihn_2015_3-300x225.jpg 300w\" sizes=\"auto, (max-width: 500px) 100vw, 500px\" \/><\/a><\/span><\/p>\n<p align=\"JUSTIFY\"><span style=\"font-size: 12px; font-family: verdana,geneva;\"> <a href=\"https:\/\/sg-gueterfelde.de\/wp-content\/uploads\/2016\/01\/passive_weihn_2015_2.jpg\"><img loading=\"lazy\" decoding=\"async\" class=\"aligncenter size-full wp-image-608\" src=\"https:\/\/sg-gueterfelde.de\/wp-content\/uploads\/2016\/01\/passive_weihn_2015_2.jpg\" alt=\"Weihnachtsfeier passive Mitg. 2015\" width=\"500\" height=\"375\" srcset=\"https:\/\/sg-gueterfelde.de\/wp-content\/uploads\/2016\/01\/passive_weihn_2015_2.jpg 500w, https:\/\/sg-gueterfelde.de\/wp-content\/uploads\/2016\/01\/passive_weihn_2015_2-300x225.jpg 300w\" sizes=\"auto, (max-width: 500px) 100vw, 500px\" \/><\/a><\/span><\/p>\n<p align=\"JUSTIFY\"><span style=\"font-family: verdana,geneva; font-size: 12px;\"><a href=\"https:\/\/sg-gueterfelde.de\/wp-content\/uploads\/2016\/01\/sgg_weihnachtsfeier_passiv_2015.pdf\">Hier zum nachlesen als Pdf.<\/a><\/span><\/p>\n<p align=\"JUSTIFY\">\n<p align=\"JUSTIFY\">\n<div class=\"pvc_clear\"><\/div>\n<p id=\"pvc_stats_605\" class=\"pvc_stats all  \" data-element-id=\"605\" style=\"\"><i class=\"pvc-stats-icon small\" aria-hidden=\"true\"><svg aria-hidden=\"true\" focusable=\"false\" data-prefix=\"far\" data-icon=\"chart-bar\" role=\"img\" xmlns=\"http:\/\/www.w3.org\/2000\/svg\" viewBox=\"0 0 512 512\" class=\"svg-inline--fa fa-chart-bar fa-w-16 fa-2x\"><path fill=\"currentColor\" d=\"M396.8 352h22.4c6.4 0 12.8-6.4 12.8-12.8V108.8c0-6.4-6.4-12.8-12.8-12.8h-22.4c-6.4 0-12.8 6.4-12.8 12.8v230.4c0 6.4 6.4 12.8 12.8 12.8zm-192 0h22.4c6.4 0 12.8-6.4 12.8-12.8V140.8c0-6.4-6.4-12.8-12.8-12.8h-22.4c-6.4 0-12.8 6.4-12.8 12.8v198.4c0 6.4 6.4 12.8 12.8 12.8zm96 0h22.4c6.4 0 12.8-6.4 12.8-12.8V204.8c0-6.4-6.4-12.8-12.8-12.8h-22.4c-6.4 0-12.8 6.4-12.8 12.8v134.4c0 6.4 6.4 12.8 12.8 12.8zM496 400H48V80c0-8.84-7.16-16-16-16H16C7.16 64 0 71.16 0 80v336c0 17.67 14.33 32 32 32h464c8.84 0 16-7.16 16-16v-16c0-8.84-7.16-16-16-16zm-387.2-48h22.4c6.4 0 12.8-6.4 12.8-12.8v-70.4c0-6.4-6.4-12.8-12.8-12.8h-22.4c-6.4 0-12.8 6.4-12.8 12.8v70.4c0 6.4 6.4 12.8 12.8 12.8z\" class=\"\"><\/path><\/svg><\/i> <img loading=\"lazy\" decoding=\"async\" width=\"16\" height=\"16\" alt=\"Loading\" src=\"https:\/\/sg-gueterfelde.de\/wp-content\/plugins\/page-views-count\/ajax-loader-2x.gif\" border=0 \/><\/p>\n<div class=\"pvc_clear\"><\/div>\n","protected":false},"excerpt":{"rendered":"<p>Die Weihnachtsfeier der Passiven ist seit einigen Jahren schon ein H\u00f6hepunkt f\u00fcr die Sportfreundinnen und Sportfreunde der Sportgemeinschaft, die nicht mehr am aktiven Sportleben teilnehmen k\u00f6nnen. Am 27. November trafen sie sich im B\u00fcrgerhaus mit einigen Mitgliedern des Vorstandes zum vorweihnachtlichen Beisammensein. Die 30 Teilnehmenden erlebten neben gutem Essen und Trinken ein kleines Kulturprogramm von <span class=\"ellipsis\">&hellip;<\/span> <span class=\"more-link-wrap\"><a href=\"https:\/\/sg-gueterfelde.de\/?page_id=605\" class=\"more-link\"><span>Read More &rarr;<\/span><\/a><\/span><\/p>\n<div class=\"pvc_clear\"><\/div>\n<p id=\"pvc_stats_605\" class=\"pvc_stats all  \" data-element-id=\"605\" style=\"\"><i class=\"pvc-stats-icon small\" aria-hidden=\"true\"><svg aria-hidden=\"true\" focusable=\"false\" data-prefix=\"far\" data-icon=\"chart-bar\" role=\"img\" xmlns=\"http:\/\/www.w3.org\/2000\/svg\" viewBox=\"0 0 512 512\" class=\"svg-inline--fa fa-chart-bar fa-w-16 fa-2x\"><path fill=\"currentColor\" d=\"M396.8 352h22.4c6.4 0 12.8-6.4 12.8-12.8V108.8c0-6.4-6.4-12.8-12.8-12.8h-22.4c-6.4 0-12.8 6.4-12.8 12.8v230.4c0 6.4 6.4 12.8 12.8 12.8zm-192 0h22.4c6.4 0 12.8-6.4 12.8-12.8V140.8c0-6.4-6.4-12.8-12.8-12.8h-22.4c-6.4 0-12.8 6.4-12.8 12.8v198.4c0 6.4 6.4 12.8 12.8 12.8zm96 0h22.4c6.4 0 12.8-6.4 12.8-12.8V204.8c0-6.4-6.4-12.8-12.8-12.8h-22.4c-6.4 0-12.8 6.4-12.8 12.8v134.4c0 6.4 6.4 12.8 12.8 12.8zM496 400H48V80c0-8.84-7.16-16-16-16H16C7.16 64 0 71.16 0 80v336c0 17.67 14.33 32 32 32h464c8.84 0 16-7.16 16-16v-16c0-8.84-7.16-16-16-16zm-387.2-48h22.4c6.4 0 12.8-6.4 12.8-12.8v-70.4c0-6.4-6.4-12.8-12.8-12.8h-22.4c-6.4 0-12.8 6.4-12.8 12.8v70.4c0 6.4 6.4 12.8 12.8 12.8z\" class=\"\"><\/path><\/svg><\/i> <img loading=\"lazy\" decoding=\"async\" width=\"16\" height=\"16\" alt=\"Loading\" src=\"https:\/\/sg-gueterfelde.de\/wp-content\/plugins\/page-views-count\/ajax-loader-2x.gif\" border=0 \/><\/p>\n<div class=\"pvc_clear\"><\/div>\n","protected":false},"author":1,"featured_media":0,"parent":0,"menu_order":0,"comment_status":"closed","ping_status":"open","template":"","meta":{"ngg_post_thumbnail":0,"footnotes":"","_links_to":"","_links_to_target":""},"class_list":["post-605","page","type-page","status-publish","hentry"],"_links":{"self":[{"href":"https:\/\/sg-gueterfelde.de\/index.php?rest_route=\/wp\/v2\/pages\/605","targetHints":{"allow":["GET"]}}],"collection":[{"href":"https:\/\/sg-gueterfelde.de\/index.php?rest_route=\/wp\/v2\/pages"}],"about":[{"href":"https:\/\/sg-gueterfelde.de\/index.php?rest_route=\/wp\/v2\/types\/page"}],"author":[{"embeddable":true,"href":"https:\/\/sg-gueterfelde.de\/index.php?rest_route=\/wp\/v2\/users\/1"}],"replies":[{"embeddable":true,"href":"https:\/\/sg-gueterfelde.de\/index.php?rest_route=%2Fwp%2Fv2%2Fcomments&post=605"}],"version-history":[{"count":1,"href":"https:\/\/sg-gueterfelde.de\/index.php?rest_route=\/wp\/v2\/pages\/605\/revisions"}],"predecessor-version":[{"id":610,"href":"https:\/\/sg-gueterfelde.de\/index.php?rest_route=\/wp\/v2\/pages\/605\/revisions\/610"}],"wp:attachment":[{"href":"https:\/\/sg-gueterfelde.de\/index.php?rest_route=%2Fwp%2Fv2%2Fmedia&parent=605"}],"curies":[{"name":"wp","href":"https:\/\/api.w.org\/{rel}","templated":true}]}}