{"id":732,"date":"2016-10-27T20:30:28","date_gmt":"2016-10-27T20:30:28","guid":{"rendered":"http:\/\/sg-gueterfelde.de\/?page_id=732"},"modified":"2024-05-07T22:33:15","modified_gmt":"2024-05-07T20:33:15","slug":"kindertanz","status":"publish","type":"page","link":"https:\/\/sg-gueterfelde.de\/?page_id=732","title":{"rendered":"Kindertanz"},"content":{"rendered":"<h3>Wir \u00fcber uns<\/h3>\n<p><span style=\"font-family: verdana,geneva; font-size: 12px;\">Am 1. Juni \u00fcbernahm Frau Maria Alp die Kindertanzgruppe der SG G\u00fcterfelde. Sie ist ausgebildete Tanzp\u00e4dagogin und erfahren in der Arbeit mit Kindergruppen. Im Angebot des Kreativen Kindertanzes werden sowohl Tanzschritte erlernt als auch Basic- Turnelemente eingesetzt und somit neben der Freude an der Bewegung auch Grundlagen f\u00fcr den Sportunterricht gef\u00f6rdert. In einer Zeiteinheit von 45 Minuten werden die Sinne freudvoll geschult durch \u00dcbungen, die der kindlichen Entwicklung angepasst sind, mit klassischer und moderner Musik, mit leichten Choreografien und fr\u00f6hlicher Kost\u00fcmierung.<\/span><\/p>\n<p><span style=\"font-family: verdana,geneva; font-size: 12px;\">Zur Zeit nehmen acht Kindergartenkinder im Alter von 3 bis 6 Jahren teil. Es handelt sich um ein Kooperationsprojekt der Kita Buddelflink mit der Sportgemeinschaft und mit Elternvertretern und Frau Alp.<\/span><\/p>\n<p><span style=\"font-family: verdana,geneva; font-size: 12px;\">Sollte Bedarf bestehen, kann sich an die o.g. M\u00f6glichkeit ein Kurs f\u00fcr Kinder von 6 bis 9 Jahren anschlie\u00dfen. Interessenten melden sich bitte in der Kita, bei Frau Alp oder der Vorsitzenden der SG.<\/span><\/p>\n<table style=\"width: 79.2126%; height: 187px;\">\n<tbody>\n<tr style=\"height: 15px;\">\n<td style=\"width: 27.069%; text-align: center; vertical-align: top; height: 187px;\" rowspan=\"2\"><a href=\"https:\/\/sg-gueterfelde.de\/wp-content\/uploads\/2014\/11\/platzhalter_trainer.jpg\"><img loading=\"lazy\" decoding=\"async\" class=\"aligncenter size-full wp-image-714\" src=\"https:\/\/sg-gueterfelde.de\/wp-content\/uploads\/2014\/11\/platzhalter_trainer.jpg\" alt=\"platzhalter_trainer\" width=\"150\" height=\"200\"><\/a><\/td>\n<td style=\"width: 47.5914%; background-color: #dddddd; height: 15px; text-align: center; vertical-align: top; border-right: 1px solid #ffffff;\"><strong>Ansprechpartner<\/strong><\/td>\n<td style=\"background-color: #dddddd; width: 38.6155%; height: 15px; text-align: center; vertical-align: top;\"><strong>Trainingszeiten<\/strong><\/td>\n<\/tr>\n<tr style=\"height: 172px;\">\n<td style=\"width: 47.5914%; text-align: center; vertical-align: middle; height: 172px;\"><span style=\"font-size: 12px;\"><span style=\"font-family: verdana,geneva;\"><strong>Frau Maria Alp<br \/>\n<\/strong><\/span><\/span><span style=\"font-family: verdana,geneva; font-size: 12px;\">Tel: 0173 3048008<br \/>\n<\/span><span style=\"font-family: verdana,geneva; font-size: 12px;\">E-Mail: kindertanz@sg-gueterfelde.de<\/span><\/td>\n<td style=\"width: 38.6155%; text-align: center; vertical-align: middle; height: 172px;\"><span style=\"font-family: verdana,geneva; font-size: 12px;\"><strong>Donnerstag<br \/>\n<\/strong><\/span><span style=\"font-family: verdana,geneva; font-size: 12px;\">14:30 &#8211; 15:30 Uhr<\/span>&nbsp;<span style=\"font-size: 12px; font-family: verdana,geneva;\">Turnhalle G\u00fcterfelde<\/span><\/td>\n<\/tr>\n<\/tbody>\n<\/table>\n<h4>Die \u201cTanzm\u00e4use\u201d auf Weltreise\u2026<\/h4>\n<p><a href=\"https:\/\/sg-gueterfelde.de\/wp-content\/uploads\/2016\/03\/weltenbummler_logo.jpg\"><img loading=\"lazy\" decoding=\"async\" class=\"alignright wp-image-644 size-medium\" style=\"margin-left: 10px; margin-top: 10px;\" src=\"https:\/\/sg-gueterfelde.de\/wp-content\/uploads\/2016\/03\/weltenbummler_logo-247x300.jpg\" alt=\"weltenbummler_logo\" width=\"247\" height=\"300\"><\/a><img loading=\"lazy\" decoding=\"async\" class=\"alignleft wp-image-645 size-medium\" style=\"margin-right: 10px;\" src=\"https:\/\/sg-gueterfelde.de\/wp-content\/uploads\/2016\/03\/weltenbummler1-300x282.jpg\" alt=\"weltenbummler\" width=\"300\" height=\"282\" srcset=\"https:\/\/sg-gueterfelde.de\/wp-content\/uploads\/2016\/03\/weltenbummler1-300x282.jpg 300w, https:\/\/sg-gueterfelde.de\/wp-content\/uploads\/2016\/03\/weltenbummler1.jpg 437w\" sizes=\"auto, (max-width: 300px) 100vw, 300px\" \/><\/p>\n<p><span style=\"font-size: 12px; font-family: verdana,geneva;\">Jeden Freitag eine neue Kultur entdecken, so lautet derzeit das Motto der Kindertanzgruppe von Sonja Sipos. Die 13 Spr\u00f6sslinge der Kita Buddelflink starteten die Reise in \u00c4gypten. Die musikalische Grundlage f\u00fcr den Tanz bildete das Lied &#8222;\u00c4gypter Tanz von Stephen Janetzko&#8220;. Die Choreographie wurde gemeinsam erarbeitet.<\/span><\/p>\n<p><span style=\"font-size: 12px; font-family: verdana,geneva;\">Davon konnte sich auch Kita-Leiterin Katrin Krause am 12. Februar pers\u00f6nlich \u00fcberzeugen &#8222;Der \u00c4gypter-Tanz war einfach nur sch\u00f6n anzuschauen. Besonders gut hat mir gefallen, dass Sonja die Kinder aktiv mit einbezieht bei der Gestaltung der Tanzstunde. Und als ich in die strahlenden Augen der Kinder schaute, sah ich wie viel Freude sie beim tanzen hatten.&#8220;<a href=\"https:\/\/sg-gueterfelde.de\/wp-content\/uploads\/2016\/03\/weltenbummler2.jpg\"><img loading=\"lazy\" decoding=\"async\" class=\"alignright wp-image-646 size-medium\" style=\"margin-left: 10px; margin-top: 10px;\" src=\"https:\/\/sg-gueterfelde.de\/wp-content\/uploads\/2016\/03\/weltenbummler2-179x300.jpg\" alt=\"weltenbummler2\" width=\"179\" height=\"300\" srcset=\"https:\/\/sg-gueterfelde.de\/wp-content\/uploads\/2016\/03\/weltenbummler2-179x300.jpg 179w, https:\/\/sg-gueterfelde.de\/wp-content\/uploads\/2016\/03\/weltenbummler2.jpg 395w\" sizes=\"auto, (max-width: 179px) 100vw, 179px\" \/><\/a><\/span><\/p>\n<p><span style=\"font-size: 12px; font-family: verdana,geneva;\">In der darauffolgenden Woche tauchten die Kinder in die Welt der Indianer ein. Kopfschmuck wurde gebastelt, damit alle auch aussahen wie richtige Indianer. Elina und Moritz hatten viel Freude. Mit einem lauten &#8222;Hu Hu Hu&#8220; st\u00fcrmten alle Kinder verkleidet als wundersch\u00f6ne Indianer durch die Turnhalle.<\/span><\/p>\n<p><span style=\"font-size: 12px; font-family: verdana,geneva;\">Ende Februar besuchten Sie Amerika. Auch hier wurde mit Hilfe von zahlreichen Requisiten ein kleines Amerika in die Turnhalle gezaubert. Auf dem Bild ist die 4-j\u00e4hrige Frieda als Freiheitsstatue zu sehen.<\/span><\/p>\n<p><span style=\"font-size: 12px; font-family: verdana,geneva;\">Es bleibt abzuwarten, wo die Kinder noch \u00fcberall Halt machen auf ihrer spannenden Entdeckungsreise\u2026<\/span><\/p>\n<p>&nbsp;<\/p>\n<p><span style=\"font-size: 12px; font-family: verdana,geneva;\"><a href=\"https:\/\/sg-gueterfelde.de\/wp-content\/uploads\/2016\/03\/sgg_weltreise_kindertanz.pdf\">Gerne auch zum ausdrucken.<\/a><\/span><\/p>\n<div class=\"pvc_clear\"><\/div>\n<p id=\"pvc_stats_732\" class=\"pvc_stats all  \" data-element-id=\"732\" style=\"\"><i class=\"pvc-stats-icon small\" aria-hidden=\"true\"><svg aria-hidden=\"true\" focusable=\"false\" data-prefix=\"far\" data-icon=\"chart-bar\" role=\"img\" xmlns=\"http:\/\/www.w3.org\/2000\/svg\" viewBox=\"0 0 512 512\" class=\"svg-inline--fa fa-chart-bar fa-w-16 fa-2x\"><path fill=\"currentColor\" d=\"M396.8 352h22.4c6.4 0 12.8-6.4 12.8-12.8V108.8c0-6.4-6.4-12.8-12.8-12.8h-22.4c-6.4 0-12.8 6.4-12.8 12.8v230.4c0 6.4 6.4 12.8 12.8 12.8zm-192 0h22.4c6.4 0 12.8-6.4 12.8-12.8V140.8c0-6.4-6.4-12.8-12.8-12.8h-22.4c-6.4 0-12.8 6.4-12.8 12.8v198.4c0 6.4 6.4 12.8 12.8 12.8zm96 0h22.4c6.4 0 12.8-6.4 12.8-12.8V204.8c0-6.4-6.4-12.8-12.8-12.8h-22.4c-6.4 0-12.8 6.4-12.8 12.8v134.4c0 6.4 6.4 12.8 12.8 12.8zM496 400H48V80c0-8.84-7.16-16-16-16H16C7.16 64 0 71.16 0 80v336c0 17.67 14.33 32 32 32h464c8.84 0 16-7.16 16-16v-16c0-8.84-7.16-16-16-16zm-387.2-48h22.4c6.4 0 12.8-6.4 12.8-12.8v-70.4c0-6.4-6.4-12.8-12.8-12.8h-22.4c-6.4 0-12.8 6.4-12.8 12.8v70.4c0 6.4 6.4 12.8 12.8 12.8z\" class=\"\"><\/path><\/svg><\/i> <img loading=\"lazy\" decoding=\"async\" width=\"16\" height=\"16\" alt=\"Loading\" src=\"https:\/\/sg-gueterfelde.de\/wp-content\/plugins\/page-views-count\/ajax-loader-2x.gif\" border=0 \/><\/p>\n<div class=\"pvc_clear\"><\/div>\n","protected":false},"excerpt":{"rendered":"<p>Wir \u00fcber uns Am 1. Juni \u00fcbernahm Frau Maria Alp die Kindertanzgruppe der SG G\u00fcterfelde. Sie ist ausgebildete Tanzp\u00e4dagogin und erfahren in der Arbeit mit Kindergruppen. Im Angebot des Kreativen Kindertanzes werden sowohl Tanzschritte erlernt als auch Basic- Turnelemente eingesetzt und somit neben der Freude an der Bewegung auch Grundlagen f\u00fcr den Sportunterricht gef\u00f6rdert. In <span class=\"ellipsis\">&hellip;<\/span> <span class=\"more-link-wrap\"><a href=\"https:\/\/sg-gueterfelde.de\/?page_id=732\" class=\"more-link\"><span>Read More &rarr;<\/span><\/a><\/span><\/p>\n<div class=\"pvc_clear\"><\/div>\n<p id=\"pvc_stats_732\" class=\"pvc_stats all  \" data-element-id=\"732\" style=\"\"><i class=\"pvc-stats-icon small\" aria-hidden=\"true\"><svg aria-hidden=\"true\" focusable=\"false\" data-prefix=\"far\" data-icon=\"chart-bar\" role=\"img\" xmlns=\"http:\/\/www.w3.org\/2000\/svg\" viewBox=\"0 0 512 512\" class=\"svg-inline--fa fa-chart-bar fa-w-16 fa-2x\"><path fill=\"currentColor\" d=\"M396.8 352h22.4c6.4 0 12.8-6.4 12.8-12.8V108.8c0-6.4-6.4-12.8-12.8-12.8h-22.4c-6.4 0-12.8 6.4-12.8 12.8v230.4c0 6.4 6.4 12.8 12.8 12.8zm-192 0h22.4c6.4 0 12.8-6.4 12.8-12.8V140.8c0-6.4-6.4-12.8-12.8-12.8h-22.4c-6.4 0-12.8 6.4-12.8 12.8v198.4c0 6.4 6.4 12.8 12.8 12.8zm96 0h22.4c6.4 0 12.8-6.4 12.8-12.8V204.8c0-6.4-6.4-12.8-12.8-12.8h-22.4c-6.4 0-12.8 6.4-12.8 12.8v134.4c0 6.4 6.4 12.8 12.8 12.8zM496 400H48V80c0-8.84-7.16-16-16-16H16C7.16 64 0 71.16 0 80v336c0 17.67 14.33 32 32 32h464c8.84 0 16-7.16 16-16v-16c0-8.84-7.16-16-16-16zm-387.2-48h22.4c6.4 0 12.8-6.4 12.8-12.8v-70.4c0-6.4-6.4-12.8-12.8-12.8h-22.4c-6.4 0-12.8 6.4-12.8 12.8v70.4c0 6.4 6.4 12.8 12.8 12.8z\" class=\"\"><\/path><\/svg><\/i> <img loading=\"lazy\" decoding=\"async\" width=\"16\" height=\"16\" alt=\"Loading\" src=\"https:\/\/sg-gueterfelde.de\/wp-content\/plugins\/page-views-count\/ajax-loader-2x.gif\" border=0 \/><\/p>\n<div class=\"pvc_clear\"><\/div>\n","protected":false},"author":1,"featured_media":0,"parent":0,"menu_order":0,"comment_status":"closed","ping_status":"open","template":"","meta":{"ngg_post_thumbnail":0,"footnotes":"","_links_to":"","_links_to_target":""},"class_list":["post-732","page","type-page","status-publish","hentry"],"_links":{"self":[{"href":"https:\/\/sg-gueterfelde.de\/index.php?rest_route=\/wp\/v2\/pages\/732","targetHints":{"allow":["GET"]}}],"collection":[{"href":"https:\/\/sg-gueterfelde.de\/index.php?rest_route=\/wp\/v2\/pages"}],"about":[{"href":"https:\/\/sg-gueterfelde.de\/index.php?rest_route=\/wp\/v2\/types\/page"}],"author":[{"embeddable":true,"href":"https:\/\/sg-gueterfelde.de\/index.php?rest_route=\/wp\/v2\/users\/1"}],"replies":[{"embeddable":true,"href":"https:\/\/sg-gueterfelde.de\/index.php?rest_route=%2Fwp%2Fv2%2Fcomments&post=732"}],"version-history":[{"count":14,"href":"https:\/\/sg-gueterfelde.de\/index.php?rest_route=\/wp\/v2\/pages\/732\/revisions"}],"predecessor-version":[{"id":1341,"href":"https:\/\/sg-gueterfelde.de\/index.php?rest_route=\/wp\/v2\/pages\/732\/revisions\/1341"}],"wp:attachment":[{"href":"https:\/\/sg-gueterfelde.de\/index.php?rest_route=%2Fwp%2Fv2%2Fmedia&parent=732"}],"curies":[{"name":"wp","href":"https:\/\/api.w.org\/{rel}","templated":true}]}}

<h3>Wir über uns</h3>
<p><span style="font-family: verdana,geneva; font-size: 12px;">Am 1. Juni übernahm Frau Maria Alp die Kindertanzgruppe der SG Güterfelde. Sie ist ausgebildete Tanzpädagogin und erfahren in der Arbeit mit Kindergruppen. Im Angebot des Kreativen Kindertanzes werden sowohl Tanzschritte erlernt als auch Basic- Turnelemente eingesetzt und somit neben der Freude an der Bewegung auch Grundlagen für den Sportunterricht gefördert. In einer Zeiteinheit von 45 Minuten werden die Sinne freudvoll geschult durch Übungen, die der kindlichen Entwicklung angepasst sind, mit klassischer und moderner Musik, mit leichten Choreografien und fröhlicher Kostümierung.</span></p>
<p><span style="font-family: verdana,geneva; font-size: 12px;">Zur Zeit nehmen acht Kindergartenkinder im Alter von 3 bis 6 Jahren teil. Es handelt sich um ein Kooperationsprojekt der Kita Buddelflink mit der Sportgemeinschaft und mit Elternvertretern und Frau Alp.</span></p>
<p><span style="font-family: verdana,geneva; font-size: 12px;">Sollte Bedarf bestehen, kann sich an die o.g. Möglichkeit ein Kurs für Kinder von 6 bis 9 Jahren anschließen. Interessenten melden sich bitte in der Kita, bei Frau Alp oder der Vorsitzenden der SG.</span></p>
<table style="width: 79.2126%; height: 187px;">
<tbody>
<tr style="height: 15px;">
<td style="width: 27.069%; text-align: center; vertical-align: top; height: 187px;" rowspan="2"><a href="https://sg-gueterfelde.de/wp-content/uploads/2014/11/platzhalter_trainer.jpg"><img loading="lazy" decoding="async" class="aligncenter size-full wp-image-714" src="https://sg-gueterfelde.de/wp-content/uploads/2014/11/platzhalter_trainer.jpg" alt="platzhalter_trainer" width="150" height="200"></a></td>
<td style="width: 47.5914%; background-color: #dddddd; height: 15px; text-align: center; vertical-align: top; border-right: 1px solid #ffffff;"><strong>Ansprechpartner</strong></td>
<td style="background-color: #dddddd; width: 38.6155%; height: 15px; text-align: center; vertical-align: top;"><strong>Trainingszeiten</strong></td>
</tr>
<tr style="height: 172px;">
<td style="width: 47.5914%; text-align: center; vertical-align: middle; height: 172px;"><span style="font-size: 12px;"><span style="font-family: verdana,geneva;"><strong>Frau Maria Alp<br />
</strong></span></span><span style="font-family: verdana,geneva; font-size: 12px;">Tel: 0173 3048008<br />
</span><span style="font-family: verdana,geneva; font-size: 12px;">E-Mail: kindertanz@sg-gueterfelde.de</span></td>
<td style="width: 38.6155%; text-align: center; vertical-align: middle; height: 172px;"><span style="font-family: verdana,geneva; font-size: 12px;"><strong>Donnerstag<br />
</strong></span><span style="font-family: verdana,geneva; font-size: 12px;">14:30 &#8211; 15:30 Uhr</span>&nbsp;<span style="font-size: 12px; font-family: verdana,geneva;">Turnhalle Güterfelde</span></td>
</tr>
</tbody>
</table>
<h4>Die “Tanzmäuse” auf Weltreise…</h4>
<p><a href="https://sg-gueterfelde.de/wp-content/uploads/2016/03/weltenbummler_logo.jpg"><img loading="lazy" decoding="async" class="alignright wp-image-644 size-medium" style="margin-left: 10px; margin-top: 10px;" src="https://sg-gueterfelde.de/wp-content/uploads/2016/03/weltenbummler_logo-247x300.jpg" alt="weltenbummler_logo" width="247" height="300"></a><img loading="lazy" decoding="async" class="alignleft wp-image-645 size-medium" style="margin-right: 10px;" src="https://sg-gueterfelde.de/wp-content/uploads/2016/03/weltenbummler1-300x282.jpg" alt="weltenbummler" width="300" height="282" srcset="https://sg-gueterfelde.de/wp-content/uploads/2016/03/weltenbummler1-300x282.jpg 300w, https://sg-gueterfelde.de/wp-content/uploads/2016/03/weltenbummler1.jpg 437w" sizes="auto, (max-width: 300px) 100vw, 300px" /></p>
<p><span style="font-size: 12px; font-family: verdana,geneva;">Jeden Freitag eine neue Kultur entdecken, so lautet derzeit das Motto der Kindertanzgruppe von Sonja Sipos. Die 13 Sprösslinge der Kita Buddelflink starteten die Reise in Ägypten. Die musikalische Grundlage für den Tanz bildete das Lied &#8222;Ägypter Tanz von Stephen Janetzko&#8220;. Die Choreographie wurde gemeinsam erarbeitet.</span></p>
<p><span style="font-size: 12px; font-family: verdana,geneva;">Davon konnte sich auch Kita-Leiterin Katrin Krause am 12. Februar persönlich überzeugen &#8222;Der Ägypter-Tanz war einfach nur schön anzuschauen. Besonders gut hat mir gefallen, dass Sonja die Kinder aktiv mit einbezieht bei der Gestaltung der Tanzstunde. Und als ich in die strahlenden Augen der Kinder schaute, sah ich wie viel Freude sie beim tanzen hatten.&#8220;<a href="https://sg-gueterfelde.de/wp-content/uploads/2016/03/weltenbummler2.jpg"><img loading="lazy" decoding="async" class="alignright wp-image-646 size-medium" style="margin-left: 10px; margin-top: 10px;" src="https://sg-gueterfelde.de/wp-content/uploads/2016/03/weltenbummler2-179x300.jpg" alt="weltenbummler2" width="179" height="300" srcset="https://sg-gueterfelde.de/wp-content/uploads/2016/03/weltenbummler2-179x300.jpg 179w, https://sg-gueterfelde.de/wp-content/uploads/2016/03/weltenbummler2.jpg 395w" sizes="auto, (max-width: 179px) 100vw, 179px" /></a></span></p>
<p><span style="font-size: 12px; font-family: verdana,geneva;">In der darauffolgenden Woche tauchten die Kinder in die Welt der Indianer ein. Kopfschmuck wurde gebastelt, damit alle auch aussahen wie richtige Indianer. Elina und Moritz hatten viel Freude. Mit einem lauten &#8222;Hu Hu Hu&#8220; stürmten alle Kinder verkleidet als wunderschöne Indianer durch die Turnhalle.</span></p>
<p><span style="font-size: 12px; font-family: verdana,geneva;">Ende Februar besuchten Sie Amerika. Auch hier wurde mit Hilfe von zahlreichen Requisiten ein kleines Amerika in die Turnhalle gezaubert. Auf dem Bild ist die 4-jährige Frieda als Freiheitsstatue zu sehen.</span></p>
<p><span style="font-size: 12px; font-family: verdana,geneva;">Es bleibt abzuwarten, wo die Kinder noch überall Halt machen auf ihrer spannenden Entdeckungsreise…</span></p>
<p>&nbsp;</p>
<p><span style="font-size: 12px; font-family: verdana,geneva;"><a href="https://sg-gueterfelde.de/wp-content/uploads/2016/03/sgg_weltreise_kindertanz.pdf">Gerne auch zum ausdrucken.</a></span></p>
<div class="pvc_clear"></div>
<p id="pvc_stats_732" class="pvc_stats all  " data-element-id="732" style=""><i class="pvc-stats-icon small" aria-hidden="true"><svg aria-hidden="true" focusable="false" data-prefix="far" data-icon="chart-bar" role="img" xmlns="http://www.w3.org/2000/svg" viewBox="0 0 512 512" class="svg-inline--fa fa-chart-bar fa-w-16 fa-2x"><path fill="currentColor" d="M396.8 352h22.4c6.4 0 12.8-6.4 12.8-12.8V108.8c0-6.4-6.4-12.8-12.8-12.8h-22.4c-6.4 0-12.8 6.4-12.8 12.8v230.4c0 6.4 6.4 12.8 12.8 12.8zm-192 0h22.4c6.4 0 12.8-6.4 12.8-12.8V140.8c0-6.4-6.4-12.8-12.8-12.8h-22.4c-6.4 0-12.8 6.4-12.8 12.8v198.4c0 6.4 6.4 12.8 12.8 12.8zm96 0h22.4c6.4 0 12.8-6.4 12.8-12.8V204.8c0-6.4-6.4-12.8-12.8-12.8h-22.4c-6.4 0-12.8 6.4-12.8 12.8v134.4c0 6.4 6.4 12.8 12.8 12.8zM496 400H48V80c0-8.84-7.16-16-16-16H16C7.16 64 0 71.16 0 80v336c0 17.67 14.33 32 32 32h464c8.84 0 16-7.16 16-16v-16c0-8.84-7.16-16-16-16zm-387.2-48h22.4c6.4 0 12.8-6.4 12.8-12.8v-70.4c0-6.4-6.4-12.8-12.8-12.8h-22.4c-6.4 0-12.8 6.4-12.8 12.8v70.4c0 6.4 6.4 12.8 12.8 12.8z" class=""></path></svg></i> <img loading="lazy" decoding="async" width="16" height="16" alt="Loading" src="https://sg-gueterfelde.de/wp-content/plugins/page-views-count/ajax-loader-2x.gif" border=0 /></p>
<div class="pvc_clear"></div>

<p>Wir über uns Am 1. Juni übernahm Frau Maria Alp die Kindertanzgruppe der SG Güterfelde. Sie ist ausgebildete Tanzpädagogin und erfahren in der Arbeit mit Kindergruppen. Im Angebot des Kreativen Kindertanzes werden sowohl Tanzschritte erlernt als auch Basic- Turnelemente eingesetzt und somit neben der Freude an der Bewegung auch Grundlagen für den Sportunterricht gefördert. In <span class="ellipsis">&hellip;</span> <span class="more-link-wrap"><a href="https://sg-gueterfelde.de/?page_id=732" class="more-link"><span>Read More &rarr;</span></a></span></p>
<div class="pvc_clear"></div>
<p id="pvc_stats_732" class="pvc_stats all  " data-element-id="732" style=""><i class="pvc-stats-icon small" aria-hidden="true"><svg aria-hidden="true" focusable="false" data-prefix="far" data-icon="chart-bar" role="img" xmlns="http://www.w3.org/2000/svg" viewBox="0 0 512 512" class="svg-inline--fa fa-chart-bar fa-w-16 fa-2x"><path fill="currentColor" d="M396.8 352h22.4c6.4 0 12.8-6.4 12.8-12.8V108.8c0-6.4-6.4-12.8-12.8-12.8h-22.4c-6.4 0-12.8 6.4-12.8 12.8v230.4c0 6.4 6.4 12.8 12.8 12.8zm-192 0h22.4c6.4 0 12.8-6.4 12.8-12.8V140.8c0-6.4-6.4-12.8-12.8-12.8h-22.4c-6.4 0-12.8 6.4-12.8 12.8v198.4c0 6.4 6.4 12.8 12.8 12.8zm96 0h22.4c6.4 0 12.8-6.4 12.8-12.8V204.8c0-6.4-6.4-12.8-12.8-12.8h-22.4c-6.4 0-12.8 6.4-12.8 12.8v134.4c0 6.4 6.4 12.8 12.8 12.8zM496 400H48V80c0-8.84-7.16-16-16-16H16C7.16 64 0 71.16 0 80v336c0 17.67 14.33 32 32 32h464c8.84 0 16-7.16 16-16v-16c0-8.84-7.16-16-16-16zm-387.2-48h22.4c6.4 0 12.8-6.4 12.8-12.8v-70.4c0-6.4-6.4-12.8-12.8-12.8h-22.4c-6.4 0-12.8 6.4-12.8 12.8v70.4c0 6.4 6.4 12.8 12.8 12.8z" class=""></path></svg></i> <img loading="lazy" decoding="async" width="16" height="16" alt="Loading" src="https://sg-gueterfelde.de/wp-content/plugins/page-views-count/ajax-loader-2x.gif" border=0 /></p>
<div class="pvc_clear"></div>
