{"id":74,"date":"2014-11-17T18:59:43","date_gmt":"2014-11-17T18:59:43","guid":{"rendered":"http:\/\/sg-gueterfelde.de\/?page_id=74"},"modified":"2023-09-04T10:59:50","modified_gmt":"2023-09-04T10:59:50","slug":"gymnastik-seniorinnen","status":"publish","type":"page","link":"https:\/\/sg-gueterfelde.de\/?page_id=74","title":{"rendered":"Gymnastik Seniorinnen"},"content":{"rendered":"<h3>Wir \u00fcber uns<\/h3>\n<p><span style=\"font-size: 12px; font-family: verdana,geneva;\">Wir sind eine Sportgruppe mit Seniorinnen ab dem 60. Lebensjahr. Bei den \u00dcbungen geht es um die Kr\u00e4ftigung der wichtigsten Muskelgruppen und die Steigerung der Kondition, sowie um die Minderung von Bewegungseinschr\u00e4nkungen. Wir arbeiten mit verschiedenen Kleinger\u00e4ten, zum Teil auch in Partner\u00fcbungen und haben in einer entspannten Atmosph\u00e4re viel Spass in unserer Sportgruppe.<\/span><\/p>\n<p>&nbsp;<\/p>\n<table style=\"width: 578px; height: 230px;\">\n<tbody>\n<tr style=\"height: 15px;\">\n<td style=\"width: 150px; text-align: center; vertical-align: top;\" rowspan=\"2\"><a href=\"https:\/\/sg-gueterfelde.de\/wp-content\/uploads\/2014\/11\/platzhalter_trainer.jpg\"><img loading=\"lazy\" decoding=\"async\" class=\"alignnone size-full wp-image-714\" src=\"https:\/\/sg-gueterfelde.de\/wp-content\/uploads\/2014\/11\/platzhalter_trainer.jpg\" alt=\"\" width=\"150\" height=\"200\"><\/a><\/td>\n<td style=\"width: 175px; background-color: #ddd; height: 15px; text-align: center; vertical-align: top; border-right: 1px solid #fff;\"><strong>Ansprechpartner<\/strong><\/td>\n<td style=\"background-color: #ddd; width: 175px; height: 15px; text-align: center; vertical-align: top;\"><strong>Trainingszeiten<\/strong><\/td>\n<\/tr>\n<tr style=\"height: 200px;\">\n<td style=\"width: 200px; text-align: center; vertical-align: middle;\"><span style=\"font-size: 12px; font-family: verdana,geneva;\"><strong>Elvira M\u00fcller<\/strong><\/span><span style=\"font-size: 12px; font-family: verdana,geneva;\">Tel: 03329-699989<\/span><\/p>\n<p><span style=\"font-size: 12px; font-family: verdana,geneva;\">E-Mail: seniorengymnastik@sg-gueterfelde.de<\/span><\/td>\n<td style=\"width: 200px; text-align: center; vertical-align: middle;\"><span style=\"font-size: 12px; font-family: verdana,geneva;\"><strong>Mittwoch 14:30 &#8211; 16:00<\/strong><\/span><span style=\"font-size: 12px; font-family: verdana,geneva;\">21 Frauen und Seniorinnen<\/span><\/td>\n<\/tr>\n<\/tbody>\n<\/table>\n<p><a href=\"https:\/\/sg-gueterfelde.de\/wp-content\/uploads\/2014\/11\/thumb_seniorinnen_450.jpg\"><img loading=\"lazy\" decoding=\"async\" class=\"aligncenter size-full wp-image-75\" src=\"https:\/\/sg-gueterfelde.de\/wp-content\/uploads\/2014\/11\/thumb_seniorinnen_450.jpg\" alt=\"Gruppenbild Gymnastik Seniorinnen\" width=\"500\" height=\"318\" srcset=\"https:\/\/sg-gueterfelde.de\/wp-content\/uploads\/2014\/11\/thumb_seniorinnen_450.jpg 500w, https:\/\/sg-gueterfelde.de\/wp-content\/uploads\/2014\/11\/thumb_seniorinnen_450-300x190.jpg 300w\" sizes=\"auto, (max-width: 500px) 100vw, 500px\" \/><\/a><\/p>\n<hr>\n<h3>10 Jahre Seniorinnensport in der SG G\u00fcterfelde<\/h3>\n<p><span style=\"font-family: verdana,geneva; font-size: 12px;\">Im April 2005 gab es die Anfrage, inwiefern ein Gymnastikangebot f\u00fcr \u00e4ltere B\u00fcrgerinnen bei uns in der Turnhalle m\u00f6glich sei. Damals war ich noch \u201eVorturnerin\u201c bei der Gymnastikgruppe \u201cFrauenpower\u201c. Ich sagte spontan zu, die Aufgabe der \u00dcbungsleiterin zu \u00fcbernehmen und somit war der Anfang getan. Anfang Mai standen viele G\u00fcterfelderinnen vor unserer alten Turnhalle. Ich war die Letzte, denn meine zuk\u00fcnftigen Mitsportlerinnen waren \u00fcberp\u00fcnktlich. Mit der P\u00fcnktlichkeit ist es auch bis heute noch so.<\/span><\/p>\n<p><a href=\"https:\/\/sg-gueterfelde.de\/wp-content\/uploads\/2014\/11\/SG-Seniorinnen-1.jpg\"><img loading=\"lazy\" decoding=\"async\" class=\"aligncenter wp-image-262 size-large\" src=\"https:\/\/sg-gueterfelde.de\/wp-content\/uploads\/2014\/11\/SG-Seniorinnen-1-1024x693.jpg\" alt=\"SG Seniorinnen 1\" width=\"580\" height=\"392\" srcset=\"https:\/\/sg-gueterfelde.de\/wp-content\/uploads\/2014\/11\/SG-Seniorinnen-1-1024x693.jpg 1024w, https:\/\/sg-gueterfelde.de\/wp-content\/uploads\/2014\/11\/SG-Seniorinnen-1-300x203.jpg 300w, https:\/\/sg-gueterfelde.de\/wp-content\/uploads\/2014\/11\/SG-Seniorinnen-1.jpg 1176w\" sizes=\"auto, (max-width: 580px) 100vw, 580px\" \/><\/a><\/p>\n<p><span style=\"font-family: verdana,geneva; font-size: 12px;\">Wir waren von Anfang an eine engagierte Truppe. Sportliche Neugier und viel Optimismus auf beiden Seiten machten jeden Mittwoch zu einem kleinen Erlebnis. Dabei ist es auch geblieben.<\/span><\/p>\n<p><span style=\"font-family: verdana,geneva; font-size: 12px;\">Wir versuchen die w\u00f6chentliche Stunde am Nachmittag durch sportliche Vielfalt abwechslungs- reich zu gestalten. Dabei ist es immer wichtig mit Ger\u00e4ten, wie beispielsweise mit Reifen, B\u00e4llen, St\u00e4ben und Hanteln, zu arbeiten, um alle kleinen und gro\u00dfen Muskelpartien zu lockern und letztendlich zu st\u00e4rken.<\/span><\/p>\n<p><span style=\"font-family: verdana,geneva; font-size: 12px;\">Auch heute noch nach nunmehr 10Jahren sind wir eine eingespielte Gruppe und alle sind noch dabei. Ja, auch weitere Seniorinnen sind noch dazu gekommen. Die Gruppe ist somit auf 26 aktive Frauen angewachsen. Das freut uns sehr. Wir bleiben auch offen f\u00fcr weitere Nachfragen.<\/span><\/p>\n<p><span style=\"font-family: verdana,geneva; font-size: 12px;\">Einige der Sportlerinnen haben zus\u00e4tzlich Aufgaben und Verantwortung in der Gruppe \u00fcbernommen. Da m\u00f6chte ich nachfolgend einige nennen. Sportfreundin Gerda hat die Kassierung in der Gruppe \u00fcbernommen, Ingrid sammelt das Geburtstagsgeld ein und Angelika organisiert kulturelle H\u00f6hepunkte f\u00fcr uns alle.<\/span><\/p>\n<p><a href=\"https:\/\/sg-gueterfelde.de\/wp-content\/uploads\/2014\/11\/SG-Seniorinnen-4.jpg\"><img loading=\"lazy\" decoding=\"async\" class=\"aligncenter size-large wp-image-263\" src=\"https:\/\/sg-gueterfelde.de\/wp-content\/uploads\/2014\/11\/SG-Seniorinnen-4-1024x690.jpg\" alt=\"SG Seniorinnen 4\" width=\"580\" height=\"390\" srcset=\"https:\/\/sg-gueterfelde.de\/wp-content\/uploads\/2014\/11\/SG-Seniorinnen-4-1024x690.jpg 1024w, https:\/\/sg-gueterfelde.de\/wp-content\/uploads\/2014\/11\/SG-Seniorinnen-4-300x202.jpg 300w, https:\/\/sg-gueterfelde.de\/wp-content\/uploads\/2014\/11\/SG-Seniorinnen-4.jpg 1178w\" sizes=\"auto, (max-width: 580px) 100vw, 580px\" \/><\/a><\/p>\n<p><span style=\"font-family: verdana,geneva; font-size: 12px;\">Die Geselligkeit wird neben den sportlichen Treffen am Mittwochnachmittag auch sehr gern gepflegt. Das zeigen u.a. die gemeinsamen Feiern, der Besuch von Veranstaltungen und das Mitwirken bei der Gestaltung der j\u00e4hrlichen H\u00f6hepunkte in der gesamten Sportgemeinschaft.<\/span><\/p>\n<p><span style=\"font-family: verdana,geneva; font-size: 12px;\">Es ist f\u00fcr alle Beteiligten sch\u00f6n, dass sich unsere vor zehn Jahren begonnene Arbeit bew\u00e4hrt hat und so gut angenommen wird.<\/span><\/p>\n<p><span style=\"font-family: verdana,geneva; font-size: 12px;\"><i>Verena Schnell<\/i><\/span><\/p>\n<p><span style=\"font-family: verdana,geneva; font-size: 12px;\"><a href=\"https:\/\/sg-gueterfelde.de\/wp-content\/uploads\/2014\/11\/sgg_seniorensport_zehnjahre.pdf\">10 Jahre Seniorinnensport in der SG G\u00fcterfelde als Pdf zum Nachlesen<\/a><\/span><\/p>\n<hr>\n<h3>Unsere Aktivit\u00e4ten<\/h3>\n<p><!-- index.php -->\n<div\n\tclass=\"ngg-galleryoverview\n\t ngg-ajax-pagination-none\t\"\n\tid=\"ngg-gallery-6a21b6ac6479b306d19f64b9d7ed81e7-1\">\n\n\t\t\t<!-- Thumbnails -->\n\t\t\t\t<div id=\"ngg-image-0\" class=\"ngg-gallery-thumbnail-box\"\n\t\t\t\t\t\t\t\t\t\t\t>\n\t\t\t\t\t\t<div class=\"ngg-gallery-thumbnail\">\n\t\t\t<a href=\"https:\/\/sg-gueterfelde.de\/wp-content\/gallery\/img_gymnastik\/gym-seniorinnen.jpg\"\n\t\t\t\ttitle=\"\"\n\t\t\t\tdata-src=\"https:\/\/sg-gueterfelde.de\/wp-content\/gallery\/img_gymnastik\/gym-seniorinnen.jpg\"\n\t\t\t\tdata-thumbnail=\"https:\/\/sg-gueterfelde.de\/wp-content\/gallery\/img_gymnastik\/thumbs\/thumbs_gym-seniorinnen.jpg\"\n\t\t\t\tdata-image-id=\"10\"\n\t\t\t\tdata-title=\"gym-seniorinnen\"\n\t\t\t\tdata-description=\"\"\n\t\t\t\tdata-image-slug=\"gym-seniorinnen\"\n\t\t\t\tclass=\"ngg-fancybox\" rel=\"6a21b6ac6479b306d19f64b9d7ed81e7\">\n\t\t\t\t<img\n\t\t\t\t\ttitle=\"gym-seniorinnen\"\n\t\t\t\t\talt=\"gym-seniorinnen\"\n\t\t\t\t\tsrc=\"https:\/\/sg-gueterfelde.de\/wp-content\/gallery\/img_gymnastik\/thumbs\/thumbs_gym-seniorinnen.jpg\"\n\t\t\t\t\twidth=\"120\"\n\t\t\t\t\theight=\"90\"\n\t\t\t\t\tstyle=\"max-width:100%;\"\n\t\t\t\t\/>\n\t\t\t<\/a>\n\t\t<\/div>\n\t\t\t\t\t\t\t<\/div>\n\t\t\t\n\t\t\t\t\t\t\t\n\t\t\t\t<div id=\"ngg-image-1\" class=\"ngg-gallery-thumbnail-box\"\n\t\t\t\t\t\t\t\t\t\t\t>\n\t\t\t\t\t\t<div class=\"ngg-gallery-thumbnail\">\n\t\t\t<a href=\"https:\/\/sg-gueterfelde.de\/wp-content\/gallery\/img_gymnastik\/SG-Seniorinnen-1.jpg\"\n\t\t\t\ttitle=\" \"\n\t\t\t\tdata-src=\"https:\/\/sg-gueterfelde.de\/wp-content\/gallery\/img_gymnastik\/SG-Seniorinnen-1.jpg\"\n\t\t\t\tdata-thumbnail=\"https:\/\/sg-gueterfelde.de\/wp-content\/gallery\/img_gymnastik\/thumbs\/thumbs_SG-Seniorinnen-1.jpg\"\n\t\t\t\tdata-image-id=\"11\"\n\t\t\t\tdata-title=\"SG Seniorinnen 1\"\n\t\t\t\tdata-description=\" \"\n\t\t\t\tdata-image-slug=\"sg-seniorinnen-1\"\n\t\t\t\tclass=\"ngg-fancybox\" rel=\"6a21b6ac6479b306d19f64b9d7ed81e7\">\n\t\t\t\t<img\n\t\t\t\t\ttitle=\"SG Seniorinnen 1\"\n\t\t\t\t\talt=\"SG Seniorinnen 1\"\n\t\t\t\t\tsrc=\"https:\/\/sg-gueterfelde.de\/wp-content\/gallery\/img_gymnastik\/thumbs\/thumbs_SG-Seniorinnen-1.jpg\"\n\t\t\t\t\twidth=\"120\"\n\t\t\t\t\theight=\"90\"\n\t\t\t\t\tstyle=\"max-width:100%;\"\n\t\t\t\t\/>\n\t\t\t<\/a>\n\t\t<\/div>\n\t\t\t\t\t\t\t<\/div>\n\t\t\t\n\t\t\t\t\t\t\t\t\t<br style=\"clear: both\" \/>\n\t\t\t\t\t\n\t\t\t\t<div id=\"ngg-image-2\" class=\"ngg-gallery-thumbnail-box\"\n\t\t\t\t\t\t\t\t\t\t\t>\n\t\t\t\t\t\t<div class=\"ngg-gallery-thumbnail\">\n\t\t\t<a href=\"https:\/\/sg-gueterfelde.de\/wp-content\/gallery\/img_gymnastik\/SG-Seniorinnen-2.jpg\"\n\t\t\t\ttitle=\" \"\n\t\t\t\tdata-src=\"https:\/\/sg-gueterfelde.de\/wp-content\/gallery\/img_gymnastik\/SG-Seniorinnen-2.jpg\"\n\t\t\t\tdata-thumbnail=\"https:\/\/sg-gueterfelde.de\/wp-content\/gallery\/img_gymnastik\/thumbs\/thumbs_SG-Seniorinnen-2.jpg\"\n\t\t\t\tdata-image-id=\"12\"\n\t\t\t\tdata-title=\"SG Seniorinnen 2\"\n\t\t\t\tdata-description=\" \"\n\t\t\t\tdata-image-slug=\"sg-seniorinnen-2\"\n\t\t\t\tclass=\"ngg-fancybox\" rel=\"6a21b6ac6479b306d19f64b9d7ed81e7\">\n\t\t\t\t<img\n\t\t\t\t\ttitle=\"SG Seniorinnen 2\"\n\t\t\t\t\talt=\"SG Seniorinnen 2\"\n\t\t\t\t\tsrc=\"https:\/\/sg-gueterfelde.de\/wp-content\/gallery\/img_gymnastik\/thumbs\/thumbs_SG-Seniorinnen-2.jpg\"\n\t\t\t\t\twidth=\"120\"\n\t\t\t\t\theight=\"90\"\n\t\t\t\t\tstyle=\"max-width:100%;\"\n\t\t\t\t\/>\n\t\t\t<\/a>\n\t\t<\/div>\n\t\t\t\t\t\t\t<\/div>\n\t\t\t\n\t\t\t\t\t\t\t\n\t\t\t\t<div id=\"ngg-image-3\" class=\"ngg-gallery-thumbnail-box\"\n\t\t\t\t\t\t\t\t\t\t\t>\n\t\t\t\t\t\t<div class=\"ngg-gallery-thumbnail\">\n\t\t\t<a href=\"https:\/\/sg-gueterfelde.de\/wp-content\/gallery\/img_gymnastik\/SG-Seniorinnen-3.jpg\"\n\t\t\t\ttitle=\" \"\n\t\t\t\tdata-src=\"https:\/\/sg-gueterfelde.de\/wp-content\/gallery\/img_gymnastik\/SG-Seniorinnen-3.jpg\"\n\t\t\t\tdata-thumbnail=\"https:\/\/sg-gueterfelde.de\/wp-content\/gallery\/img_gymnastik\/thumbs\/thumbs_SG-Seniorinnen-3.jpg\"\n\t\t\t\tdata-image-id=\"13\"\n\t\t\t\tdata-title=\"SG Seniorinnen 3\"\n\t\t\t\tdata-description=\" \"\n\t\t\t\tdata-image-slug=\"sg-seniorinnen-3\"\n\t\t\t\tclass=\"ngg-fancybox\" rel=\"6a21b6ac6479b306d19f64b9d7ed81e7\">\n\t\t\t\t<img\n\t\t\t\t\ttitle=\"SG Seniorinnen 3\"\n\t\t\t\t\talt=\"SG Seniorinnen 3\"\n\t\t\t\t\tsrc=\"https:\/\/sg-gueterfelde.de\/wp-content\/gallery\/img_gymnastik\/thumbs\/thumbs_SG-Seniorinnen-3.jpg\"\n\t\t\t\t\twidth=\"120\"\n\t\t\t\t\theight=\"90\"\n\t\t\t\t\tstyle=\"max-width:100%;\"\n\t\t\t\t\/>\n\t\t\t<\/a>\n\t\t<\/div>\n\t\t\t\t\t\t\t<\/div>\n\t\t\t\n\t\t\t\t\t\t\t\t\t<br style=\"clear: both\" \/>\n\t\t\t\t\t\n\t\t\t\t<div id=\"ngg-image-4\" class=\"ngg-gallery-thumbnail-box\"\n\t\t\t\t\t\t\t\t\t\t\t>\n\t\t\t\t\t\t<div class=\"ngg-gallery-thumbnail\">\n\t\t\t<a href=\"https:\/\/sg-gueterfelde.de\/wp-content\/gallery\/img_gymnastik\/SG-Seniorinnen-4.jpg\"\n\t\t\t\ttitle=\" \"\n\t\t\t\tdata-src=\"https:\/\/sg-gueterfelde.de\/wp-content\/gallery\/img_gymnastik\/SG-Seniorinnen-4.jpg\"\n\t\t\t\tdata-thumbnail=\"https:\/\/sg-gueterfelde.de\/wp-content\/gallery\/img_gymnastik\/thumbs\/thumbs_SG-Seniorinnen-4.jpg\"\n\t\t\t\tdata-image-id=\"14\"\n\t\t\t\tdata-title=\"SG Seniorinnen 4\"\n\t\t\t\tdata-description=\" \"\n\t\t\t\tdata-image-slug=\"sg-seniorinnen-4\"\n\t\t\t\tclass=\"ngg-fancybox\" rel=\"6a21b6ac6479b306d19f64b9d7ed81e7\">\n\t\t\t\t<img\n\t\t\t\t\ttitle=\"SG Seniorinnen 4\"\n\t\t\t\t\talt=\"SG Seniorinnen 4\"\n\t\t\t\t\tsrc=\"https:\/\/sg-gueterfelde.de\/wp-content\/gallery\/img_gymnastik\/thumbs\/thumbs_SG-Seniorinnen-4.jpg\"\n\t\t\t\t\twidth=\"120\"\n\t\t\t\t\theight=\"90\"\n\t\t\t\t\tstyle=\"max-width:100%;\"\n\t\t\t\t\/>\n\t\t\t<\/a>\n\t\t<\/div>\n\t\t\t\t\t\t\t<\/div>\n\t\t\t\n\t\t\t\t\t\t\t\n\t\t\t\t<div id=\"ngg-image-5\" class=\"ngg-gallery-thumbnail-box\"\n\t\t\t\t\t\t\t\t\t\t\t>\n\t\t\t\t\t\t<div class=\"ngg-gallery-thumbnail\">\n\t\t\t<a href=\"https:\/\/sg-gueterfelde.de\/wp-content\/gallery\/img_gymnastik\/SG-Seniorinnen-5.jpg\"\n\t\t\t\ttitle=\" \"\n\t\t\t\tdata-src=\"https:\/\/sg-gueterfelde.de\/wp-content\/gallery\/img_gymnastik\/SG-Seniorinnen-5.jpg\"\n\t\t\t\tdata-thumbnail=\"https:\/\/sg-gueterfelde.de\/wp-content\/gallery\/img_gymnastik\/thumbs\/thumbs_SG-Seniorinnen-5.jpg\"\n\t\t\t\tdata-image-id=\"15\"\n\t\t\t\tdata-title=\"SG Seniorinnen 5\"\n\t\t\t\tdata-description=\" \"\n\t\t\t\tdata-image-slug=\"sg-seniorinnen-5\"\n\t\t\t\tclass=\"ngg-fancybox\" rel=\"6a21b6ac6479b306d19f64b9d7ed81e7\">\n\t\t\t\t<img\n\t\t\t\t\ttitle=\"SG Seniorinnen 5\"\n\t\t\t\t\talt=\"SG Seniorinnen 5\"\n\t\t\t\t\tsrc=\"https:\/\/sg-gueterfelde.de\/wp-content\/gallery\/img_gymnastik\/thumbs\/thumbs_SG-Seniorinnen-5.jpg\"\n\t\t\t\t\twidth=\"120\"\n\t\t\t\t\theight=\"90\"\n\t\t\t\t\tstyle=\"max-width:100%;\"\n\t\t\t\t\/>\n\t\t\t<\/a>\n\t\t<\/div>\n\t\t\t\t\t\t\t<\/div>\n\t\t\t\n\t\t\t\t\t\t\t\t\t<br style=\"clear: both\" \/>\n\t\t\t\t\t\n\t\t\t\t<div id=\"ngg-image-6\" class=\"ngg-gallery-thumbnail-box\"\n\t\t\t\t\t\t\t\t\t\t\t>\n\t\t\t\t\t\t<div class=\"ngg-gallery-thumbnail\">\n\t\t\t<a href=\"https:\/\/sg-gueterfelde.de\/wp-content\/gallery\/img_gymnastik\/SG-Seniorinnen-6.jpg\"\n\t\t\t\ttitle=\" \"\n\t\t\t\tdata-src=\"https:\/\/sg-gueterfelde.de\/wp-content\/gallery\/img_gymnastik\/SG-Seniorinnen-6.jpg\"\n\t\t\t\tdata-thumbnail=\"https:\/\/sg-gueterfelde.de\/wp-content\/gallery\/img_gymnastik\/thumbs\/thumbs_SG-Seniorinnen-6.jpg\"\n\t\t\t\tdata-image-id=\"16\"\n\t\t\t\tdata-title=\"SG Seniorinnen 6\"\n\t\t\t\tdata-description=\" \"\n\t\t\t\tdata-image-slug=\"sg-seniorinnen-6\"\n\t\t\t\tclass=\"ngg-fancybox\" rel=\"6a21b6ac6479b306d19f64b9d7ed81e7\">\n\t\t\t\t<img\n\t\t\t\t\ttitle=\"SG Seniorinnen 6\"\n\t\t\t\t\talt=\"SG Seniorinnen 6\"\n\t\t\t\t\tsrc=\"https:\/\/sg-gueterfelde.de\/wp-content\/gallery\/img_gymnastik\/thumbs\/thumbs_SG-Seniorinnen-6.jpg\"\n\t\t\t\t\twidth=\"120\"\n\t\t\t\t\theight=\"90\"\n\t\t\t\t\tstyle=\"max-width:100%;\"\n\t\t\t\t\/>\n\t\t\t<\/a>\n\t\t<\/div>\n\t\t\t\t\t\t\t<\/div>\n\t\t\t\n\t\t\t\t\t\t\t\n\t\t\n\t\t<!-- Pagination -->\n\t\t<div class='ngg-clear'><\/div>\t<\/div>\n<\/p>\n<div class=\"pvc_clear\"><\/div>\n<p id=\"pvc_stats_74\" class=\"pvc_stats all  \" data-element-id=\"74\" style=\"\"><i class=\"pvc-stats-icon small\" aria-hidden=\"true\"><svg aria-hidden=\"true\" focusable=\"false\" data-prefix=\"far\" data-icon=\"chart-bar\" role=\"img\" xmlns=\"http:\/\/www.w3.org\/2000\/svg\" viewBox=\"0 0 512 512\" class=\"svg-inline--fa fa-chart-bar fa-w-16 fa-2x\"><path fill=\"currentColor\" d=\"M396.8 352h22.4c6.4 0 12.8-6.4 12.8-12.8V108.8c0-6.4-6.4-12.8-12.8-12.8h-22.4c-6.4 0-12.8 6.4-12.8 12.8v230.4c0 6.4 6.4 12.8 12.8 12.8zm-192 0h22.4c6.4 0 12.8-6.4 12.8-12.8V140.8c0-6.4-6.4-12.8-12.8-12.8h-22.4c-6.4 0-12.8 6.4-12.8 12.8v198.4c0 6.4 6.4 12.8 12.8 12.8zm96 0h22.4c6.4 0 12.8-6.4 12.8-12.8V204.8c0-6.4-6.4-12.8-12.8-12.8h-22.4c-6.4 0-12.8 6.4-12.8 12.8v134.4c0 6.4 6.4 12.8 12.8 12.8zM496 400H48V80c0-8.84-7.16-16-16-16H16C7.16 64 0 71.16 0 80v336c0 17.67 14.33 32 32 32h464c8.84 0 16-7.16 16-16v-16c0-8.84-7.16-16-16-16zm-387.2-48h22.4c6.4 0 12.8-6.4 12.8-12.8v-70.4c0-6.4-6.4-12.8-12.8-12.8h-22.4c-6.4 0-12.8 6.4-12.8 12.8v70.4c0 6.4 6.4 12.8 12.8 12.8z\" class=\"\"><\/path><\/svg><\/i> <img loading=\"lazy\" decoding=\"async\" width=\"16\" height=\"16\" alt=\"Loading\" src=\"https:\/\/sg-gueterfelde.de\/wp-content\/plugins\/page-views-count\/ajax-loader-2x.gif\" border=0 \/><\/p>\n<div class=\"pvc_clear\"><\/div>\n","protected":false},"excerpt":{"rendered":"<p>Wir \u00fcber uns Wir sind eine Sportgruppe mit Seniorinnen ab dem 60. Lebensjahr. Bei den \u00dcbungen geht es um die Kr\u00e4ftigung der wichtigsten Muskelgruppen und die Steigerung der Kondition, sowie um die Minderung von Bewegungseinschr\u00e4nkungen. Wir arbeiten mit verschiedenen Kleinger\u00e4ten, zum Teil auch in Partner\u00fcbungen und haben in einer entspannten Atmosph\u00e4re viel Spass in unserer <span class=\"ellipsis\">&hellip;<\/span> <span class=\"more-link-wrap\"><a href=\"https:\/\/sg-gueterfelde.de\/?page_id=74\" class=\"more-link\"><span>Read More &rarr;<\/span><\/a><\/span><\/p>\n<div class=\"pvc_clear\"><\/div>\n<p id=\"pvc_stats_74\" class=\"pvc_stats all  \" data-element-id=\"74\" style=\"\"><i class=\"pvc-stats-icon small\" aria-hidden=\"true\"><svg aria-hidden=\"true\" focusable=\"false\" data-prefix=\"far\" data-icon=\"chart-bar\" role=\"img\" xmlns=\"http:\/\/www.w3.org\/2000\/svg\" viewBox=\"0 0 512 512\" class=\"svg-inline--fa fa-chart-bar fa-w-16 fa-2x\"><path fill=\"currentColor\" d=\"M396.8 352h22.4c6.4 0 12.8-6.4 12.8-12.8V108.8c0-6.4-6.4-12.8-12.8-12.8h-22.4c-6.4 0-12.8 6.4-12.8 12.8v230.4c0 6.4 6.4 12.8 12.8 12.8zm-192 0h22.4c6.4 0 12.8-6.4 12.8-12.8V140.8c0-6.4-6.4-12.8-12.8-12.8h-22.4c-6.4 0-12.8 6.4-12.8 12.8v198.4c0 6.4 6.4 12.8 12.8 12.8zm96 0h22.4c6.4 0 12.8-6.4 12.8-12.8V204.8c0-6.4-6.4-12.8-12.8-12.8h-22.4c-6.4 0-12.8 6.4-12.8 12.8v134.4c0 6.4 6.4 12.8 12.8 12.8zM496 400H48V80c0-8.84-7.16-16-16-16H16C7.16 64 0 71.16 0 80v336c0 17.67 14.33 32 32 32h464c8.84 0 16-7.16 16-16v-16c0-8.84-7.16-16-16-16zm-387.2-48h22.4c6.4 0 12.8-6.4 12.8-12.8v-70.4c0-6.4-6.4-12.8-12.8-12.8h-22.4c-6.4 0-12.8 6.4-12.8 12.8v70.4c0 6.4 6.4 12.8 12.8 12.8z\" class=\"\"><\/path><\/svg><\/i> <img loading=\"lazy\" decoding=\"async\" width=\"16\" height=\"16\" alt=\"Loading\" src=\"https:\/\/sg-gueterfelde.de\/wp-content\/plugins\/page-views-count\/ajax-loader-2x.gif\" border=0 \/><\/p>\n<div class=\"pvc_clear\"><\/div>\n","protected":false},"author":1,"featured_media":0,"parent":0,"menu_order":0,"comment_status":"open","ping_status":"open","template":"","meta":{"ngg_post_thumbnail":0,"footnotes":"","_links_to":"","_links_to_target":""},"class_list":["post-74","page","type-page","status-publish","hentry"],"_links":{"self":[{"href":"https:\/\/sg-gueterfelde.de\/index.php?rest_route=\/wp\/v2\/pages\/74","targetHints":{"allow":["GET"]}}],"collection":[{"href":"https:\/\/sg-gueterfelde.de\/index.php?rest_route=\/wp\/v2\/pages"}],"about":[{"href":"https:\/\/sg-gueterfelde.de\/index.php?rest_route=\/wp\/v2\/types\/page"}],"author":[{"embeddable":true,"href":"https:\/\/sg-gueterfelde.de\/index.php?rest_route=\/wp\/v2\/users\/1"}],"replies":[{"embeddable":true,"href":"https:\/\/sg-gueterfelde.de\/index.php?rest_route=%2Fwp%2Fv2%2Fcomments&post=74"}],"version-history":[{"count":13,"href":"https:\/\/sg-gueterfelde.de\/index.php?rest_route=\/wp\/v2\/pages\/74\/revisions"}],"predecessor-version":[{"id":1258,"href":"https:\/\/sg-gueterfelde.de\/index.php?rest_route=\/wp\/v2\/pages\/74\/revisions\/1258"}],"wp:attachment":[{"href":"https:\/\/sg-gueterfelde.de\/index.php?rest_route=%2Fwp%2Fv2%2Fmedia&parent=74"}],"curies":[{"name":"wp","href":"https:\/\/api.w.org\/{rel}","templated":true}]}}