{"id":769,"date":"2017-01-14T23:26:43","date_gmt":"2017-01-14T23:26:43","guid":{"rendered":"http:\/\/sg-gueterfelde.de\/?page_id=769"},"modified":"2018-08-26T09:44:46","modified_gmt":"2018-08-26T09:44:46","slug":"archiv-2015","status":"publish","type":"page","link":"https:\/\/sg-gueterfelde.de\/?page_id=769","title":{"rendered":"Archiv 2015"},"content":{"rendered":"<p><span style=\"font-family: verdana,geneva; font-size: 12px;\"><strong id=\"yui_3_16_0_1_1433709800300_3038\">Gelungene Veranstaltungen zu Pfingsten 2015: <\/strong><\/span><\/p>\n<p><a title=\"Handball\" href=\"https:\/\/sg-gueterfelde.de\/?page_id=44\"><span style=\"font-family: verdana,geneva; font-size: 12px;\">Turnier\/Sportfest <\/span><\/a><span style=\"font-size: 12px; font-family: verdana,geneva;\">unserer Handballer<\/span><\/p>\n<p><a title=\"Pfingstkonzert in G\u00fcterfelde am 25. Mai 2015\" href=\"https:\/\/sg-gueterfelde.de\/?page_id=468\"><span style=\"font-family: verdana,geneva; font-size: 12px;\">Pfingstmontagkonzert<\/span><\/a><\/p>\n<p><span style=\"font-family: verdana,geneva; font-size: 12px;\"><a title=\"Fussball\" href=\"https:\/\/sg-gueterfelde.de\/?page_id=71\">Turnier\/Sportfest<\/a> <\/span><span style=\"font-size: 12px; font-family: verdana,geneva;\">unserer Fussballer<\/span><\/p>\n<p>&nbsp;<\/p>\n<p><span style=\"font-size: 12px; font-family: verdana,geneva;\"><a title=\"Rechenschaftsbericht 2014\" href=\"https:\/\/sg-gueterfelde.de\/?page_id=338\">Rechenschaftsbericht 2014<\/a> f\u00fcr die Mitgliederversammlung am 21. M\u00e4rz 2015<\/span><\/p>\n<p><span style=\"font-size: 12px; font-family: verdana,geneva;\">Jahreshauptversammlung M\u00e4rz 2015 <a title=\"JHV 2015 Zusammenfassender Bericht\" href=\"https:\/\/sg-gueterfelde.de\/?page_id=344\">zusammenfassender Bericht<\/a><\/span><\/p>\n<p><span style=\"font-size: 12px; font-family: verdana,geneva;\"><a title=\"Freude am Beisammensein in der Adventszeit\" href=\"https:\/\/sg-gueterfelde.de\/?page_id=605\">Bericht zur Weihnachtsfeier der passiven Mitglieder 2015<\/a><\/span><\/p>\n<p><span style=\"font-family: verdana,geneva; font-size: 12px;\"><a title=\"Der \u201eLebendige Adventskalender\u201c in der SG G\u00fcterfelde e.V.\" href=\"https:\/\/sg-gueterfelde.de\/?page_id=612\">Bericht zum lebendigen Adventskalender 2015<\/a><\/span><\/p>\n<p style=\"text-align: left;\" align=\"CENTER\"><a title=\"Aerobic\" href=\"https:\/\/sg-gueterfelde.de\/?page_id=110\"><span style=\"font-size: 12px; font-family: verdana,geneva;\">Fitnesswochenende 2015 in Lindow<\/span><\/a><\/p>\n<p><a title=\"Frauenpower\" href=\"https:\/\/sg-gueterfelde.de\/?page_id=94\"><span style=\"font-size: 12px; font-family: verdana,geneva;\">Geburtstagsfeier mit Sportfreunden 2015<\/span><\/a><\/p>\n<p><a title=\"Unsere j\u00fcngsten Vereinsmitglieder \u2013 Kinder aus der Kita in G\u00fcterfelde\" href=\"https:\/\/sg-gueterfelde.de\/?page_id=541\"><span style=\"font-size: 12px; font-family: verdana,geneva;\">Kindertanzgruppe in der SG\u00a0 ab September 2015<\/span><\/a><\/p>\n<p><a title=\"Sommerfest 2015\" href=\"https:\/\/sg-gueterfelde.de\/?page_id=518\"><span style=\"font-size: 12px; font-family: verdana,geneva;\">Sommerfest Bericht 2015<\/span><\/a><\/p>\n<p><span style=\"font-family: verdana,geneva; font-size: 12px;\"><a title=\"Frauenpower\" href=\"https:\/\/sg-gueterfelde.de\/?page_id=94\">Wochenendfahrt der Sportgruppe &#8222;Frauenpower&#8220;<\/a> vom 24.-26. April 2015<br \/>\n<\/span><\/p>\n<p><span style=\"font-family: verdana,geneva; font-size: 12px;\">Die Sportgemeinschaft besteht seit nun mehr 105 Jahren. <a href=\"http:\/\/www.sg-gueterfelde.de\/wp-content\/uploads\/2014\/11\/sgg_chonik.pdf\">Unsere Chronik findet Ihr hier.<\/a><\/span><\/p>\n<p><span style=\"font-family: verdana,geneva; font-size: 12px;\">Die <a title=\"Gymnastik Seniorinnen\" href=\"https:\/\/sg-gueterfelde.de\/?page_id=74\">\u00dcbungsgruppe der Seniorinnen<\/a> unter Leitung von Sportfreundin Verena Schnell feiert 2015 ihr 10j\u00e4hriges Bestehen.<\/span><\/p>\n<div class=\"pvc_clear\"><\/div>\n<p id=\"pvc_stats_769\" class=\"pvc_stats all  \" data-element-id=\"769\" style=\"\"><i class=\"pvc-stats-icon small\" aria-hidden=\"true\"><svg aria-hidden=\"true\" focusable=\"false\" data-prefix=\"far\" data-icon=\"chart-bar\" role=\"img\" xmlns=\"http:\/\/www.w3.org\/2000\/svg\" viewBox=\"0 0 512 512\" class=\"svg-inline--fa fa-chart-bar fa-w-16 fa-2x\"><path fill=\"currentColor\" d=\"M396.8 352h22.4c6.4 0 12.8-6.4 12.8-12.8V108.8c0-6.4-6.4-12.8-12.8-12.8h-22.4c-6.4 0-12.8 6.4-12.8 12.8v230.4c0 6.4 6.4 12.8 12.8 12.8zm-192 0h22.4c6.4 0 12.8-6.4 12.8-12.8V140.8c0-6.4-6.4-12.8-12.8-12.8h-22.4c-6.4 0-12.8 6.4-12.8 12.8v198.4c0 6.4 6.4 12.8 12.8 12.8zm96 0h22.4c6.4 0 12.8-6.4 12.8-12.8V204.8c0-6.4-6.4-12.8-12.8-12.8h-22.4c-6.4 0-12.8 6.4-12.8 12.8v134.4c0 6.4 6.4 12.8 12.8 12.8zM496 400H48V80c0-8.84-7.16-16-16-16H16C7.16 64 0 71.16 0 80v336c0 17.67 14.33 32 32 32h464c8.84 0 16-7.16 16-16v-16c0-8.84-7.16-16-16-16zm-387.2-48h22.4c6.4 0 12.8-6.4 12.8-12.8v-70.4c0-6.4-6.4-12.8-12.8-12.8h-22.4c-6.4 0-12.8 6.4-12.8 12.8v70.4c0 6.4 6.4 12.8 12.8 12.8z\" class=\"\"><\/path><\/svg><\/i> <img loading=\"lazy\" decoding=\"async\" width=\"16\" height=\"16\" alt=\"Loading\" src=\"https:\/\/sg-gueterfelde.de\/wp-content\/plugins\/page-views-count\/ajax-loader-2x.gif\" border=0 \/><\/p>\n<div class=\"pvc_clear\"><\/div>\n","protected":false},"excerpt":{"rendered":"<p>Gelungene Veranstaltungen zu Pfingsten 2015: Turnier\/Sportfest unserer Handballer Pfingstmontagkonzert Turnier\/Sportfest unserer Fussballer &nbsp; Rechenschaftsbericht 2014 f\u00fcr die Mitgliederversammlung am 21. M\u00e4rz 2015 Jahreshauptversammlung M\u00e4rz 2015 zusammenfassender Bericht Bericht zur Weihnachtsfeier der passiven Mitglieder 2015 Bericht zum lebendigen Adventskalender 2015 Fitnesswochenende 2015 in Lindow Geburtstagsfeier mit Sportfreunden 2015 Kindertanzgruppe in der SG\u00a0 ab September 2015 Sommerfest <span class=\"ellipsis\">&hellip;<\/span> <span class=\"more-link-wrap\"><a href=\"https:\/\/sg-gueterfelde.de\/?page_id=769\" class=\"more-link\"><span>Read More &rarr;<\/span><\/a><\/span><\/p>\n<div class=\"pvc_clear\"><\/div>\n<p id=\"pvc_stats_769\" class=\"pvc_stats all  \" data-element-id=\"769\" style=\"\"><i class=\"pvc-stats-icon small\" aria-hidden=\"true\"><svg aria-hidden=\"true\" focusable=\"false\" data-prefix=\"far\" data-icon=\"chart-bar\" role=\"img\" xmlns=\"http:\/\/www.w3.org\/2000\/svg\" viewBox=\"0 0 512 512\" class=\"svg-inline--fa fa-chart-bar fa-w-16 fa-2x\"><path fill=\"currentColor\" d=\"M396.8 352h22.4c6.4 0 12.8-6.4 12.8-12.8V108.8c0-6.4-6.4-12.8-12.8-12.8h-22.4c-6.4 0-12.8 6.4-12.8 12.8v230.4c0 6.4 6.4 12.8 12.8 12.8zm-192 0h22.4c6.4 0 12.8-6.4 12.8-12.8V140.8c0-6.4-6.4-12.8-12.8-12.8h-22.4c-6.4 0-12.8 6.4-12.8 12.8v198.4c0 6.4 6.4 12.8 12.8 12.8zm96 0h22.4c6.4 0 12.8-6.4 12.8-12.8V204.8c0-6.4-6.4-12.8-12.8-12.8h-22.4c-6.4 0-12.8 6.4-12.8 12.8v134.4c0 6.4 6.4 12.8 12.8 12.8zM496 400H48V80c0-8.84-7.16-16-16-16H16C7.16 64 0 71.16 0 80v336c0 17.67 14.33 32 32 32h464c8.84 0 16-7.16 16-16v-16c0-8.84-7.16-16-16-16zm-387.2-48h22.4c6.4 0 12.8-6.4 12.8-12.8v-70.4c0-6.4-6.4-12.8-12.8-12.8h-22.4c-6.4 0-12.8 6.4-12.8 12.8v70.4c0 6.4 6.4 12.8 12.8 12.8z\" class=\"\"><\/path><\/svg><\/i> <img loading=\"lazy\" decoding=\"async\" width=\"16\" height=\"16\" alt=\"Loading\" src=\"https:\/\/sg-gueterfelde.de\/wp-content\/plugins\/page-views-count\/ajax-loader-2x.gif\" border=0 \/><\/p>\n<div class=\"pvc_clear\"><\/div>\n","protected":false},"author":1,"featured_media":0,"parent":173,"menu_order":3,"comment_status":"closed","ping_status":"open","template":"","meta":{"ngg_post_thumbnail":0,"footnotes":"","_links_to":"","_links_to_target":""},"class_list":["post-769","page","type-page","status-publish","hentry"],"_links":{"self":[{"href":"https:\/\/sg-gueterfelde.de\/index.php?rest_route=\/wp\/v2\/pages\/769","targetHints":{"allow":["GET"]}}],"collection":[{"href":"https:\/\/sg-gueterfelde.de\/index.php?rest_route=\/wp\/v2\/pages"}],"about":[{"href":"https:\/\/sg-gueterfelde.de\/index.php?rest_route=\/wp\/v2\/types\/page"}],"author":[{"embeddable":true,"href":"https:\/\/sg-gueterfelde.de\/index.php?rest_route=\/wp\/v2\/users\/1"}],"replies":[{"embeddable":true,"href":"https:\/\/sg-gueterfelde.de\/index.php?rest_route=%2Fwp%2Fv2%2Fcomments&post=769"}],"version-history":[{"count":4,"href":"https:\/\/sg-gueterfelde.de\/index.php?rest_route=\/wp\/v2\/pages\/769\/revisions"}],"predecessor-version":[{"id":1000,"href":"https:\/\/sg-gueterfelde.de\/index.php?rest_route=\/wp\/v2\/pages\/769\/revisions\/1000"}],"up":[{"embeddable":true,"href":"https:\/\/sg-gueterfelde.de\/index.php?rest_route=\/wp\/v2\/pages\/173"}],"wp:attachment":[{"href":"https:\/\/sg-gueterfelde.de\/index.php?rest_route=%2Fwp%2Fv2%2Fmedia&parent=769"}],"curies":[{"name":"wp","href":"https:\/\/api.w.org\/{rel}","templated":true}]}}