{"id":820,"date":"2017-04-05T10:20:45","date_gmt":"2017-04-05T10:20:45","guid":{"rendered":"http:\/\/sg-gueterfelde.de\/?page_id=820"},"modified":"2017-04-05T10:20:45","modified_gmt":"2017-04-05T10:20:45","slug":"jahresbericht-seniorinnensport-2017","status":"publish","type":"page","link":"https:\/\/sg-gueterfelde.de\/?page_id=820","title":{"rendered":"Jahresbericht Seniorinnensport 2017"},"content":{"rendered":"<p style=\"font-family: verdana,geneva,sans-serif; font-size: 12px;\">In diesem Jahr bestehen wir nun schon 12 Jahre und wir freuen uns immer wieder auf den n\u00e4chsten Mittwoch, wenn es dann hei\u00dft &#8222;Sport frei &#8222;!!! Somit kann ich mit frohem Gewissen sagen, ja, es ist sch\u00f6n f\u00fcr uns alle eine Stunde sportlich t\u00e4tig gewesen zu sein. Unsere Altersstruktur liegt zwischen 65-90 Jahren und f\u00fcr jeden von uns sind altersentsprechende \u00dcbungen dabei. Es geht in unserem Alter vorwiegend um Koordinations- und Gleichgewichts\u00fcbungen, aber auch um die Kr\u00e4ftigung der Hauptmuskelgruppen.<\/p>\n<p style=\"font-size: 12px; font-family: verdana,geneva,sans-serif;\">Wir bem\u00fchen uns alle um eine freundliche, sportliche Atmosph\u00e4re und wollen uns im Umgang mit Ger\u00e4ten, wie B\u00e4llen, Reifen, B\u00e4ndern u.v.a. Hilfsmitteln, kameradschaftlich unterst\u00fctzen!! Leider sind im vergangenem Jahr unsere Sportfreundinnen <i>Liesel Wernitz, Gertrud Rehfeld<\/i> und <i>Rosemarie St\u00fcrmer<\/i> von uns gegangen, das war schon ein Verlust, mit dem wir so schnell nicht fertig werden. Wir denken oft an sie und auch an einige Episoden, die so an uns alle erinnern. Hinzu kommt aber, dass wir sechs neue Sportfrauen dazubekommen haben und das macht uns froh.<\/p>\n<p style=\"font-size: 12px; font-family: verdana,geneva,sans-serif;\">Alle flei\u00dfigen Frauen haben erstmal einen Durchhalteorden verdient!!!! Besonders aber einige etwas mehr, die da sind Spfr-in <i>Gerda Krause<\/i> f\u00fcr die Beitragskassierung, Spfr-in<i> Ingrid Grondkowski<\/i> f\u00fcr das Einsammeln der Geburtstagsgelder und Spfr-in Angelika Riemann f\u00fcr die Organisierung unserer Feierlichkeiten, denn Feiern geh\u00f6rt einfach dazu, wenn wir uns schon manchmal anstrengen. Ganz herzlich danke ich meinen Vertreterinnen Spfr-in <i>Elvira M\u00fcller<\/i> und Spfr-in <i>Elvira<\/i> <i>Waldmann<\/i>. Euch allen w\u00fcnsche weiterhin viel Spass und sch\u00f6ne Stunden in unserer sch\u00f6nen Turnhalle!!!<\/p>\n<p><span style=\"font-family: verdana,geneva,sans-serif; font-size: 12px;\">Verena Schnell<\/span><\/p>\n<p><a href=\"https:\/\/sg-gueterfelde.de\/wp-content\/uploads\/2017\/04\/sgg_senioren_jahresbericht17_2.jpg\"><img loading=\"lazy\" decoding=\"async\" class=\"aligncenter size-full wp-image-821\" src=\"https:\/\/sg-gueterfelde.de\/wp-content\/uploads\/2017\/04\/sgg_senioren_jahresbericht17_2.jpg\" alt=\"\" width=\"500\" height=\"281\" srcset=\"https:\/\/sg-gueterfelde.de\/wp-content\/uploads\/2017\/04\/sgg_senioren_jahresbericht17_2.jpg 500w, https:\/\/sg-gueterfelde.de\/wp-content\/uploads\/2017\/04\/sgg_senioren_jahresbericht17_2-300x169.jpg 300w\" sizes=\"auto, (max-width: 500px) 100vw, 500px\" \/><\/a><\/p>\n<p><a href=\"https:\/\/sg-gueterfelde.de\/wp-content\/uploads\/2017\/04\/sgg_senioren_jahresbericht17_1.jpg\"><img loading=\"lazy\" decoding=\"async\" class=\"aligncenter size-large wp-image-822\" src=\"https:\/\/sg-gueterfelde.de\/wp-content\/uploads\/2017\/04\/sgg_senioren_jahresbericht17_1.jpg\" alt=\"\" width=\"500\" height=\"281\" srcset=\"https:\/\/sg-gueterfelde.de\/wp-content\/uploads\/2017\/04\/sgg_senioren_jahresbericht17_1.jpg 500w, https:\/\/sg-gueterfelde.de\/wp-content\/uploads\/2017\/04\/sgg_senioren_jahresbericht17_1-300x169.jpg 300w\" sizes=\"auto, (max-width: 500px) 100vw, 500px\" \/><\/a><\/p>\n<div class=\"pvc_clear\"><\/div>\n<p id=\"pvc_stats_820\" class=\"pvc_stats all  \" data-element-id=\"820\" style=\"\"><i class=\"pvc-stats-icon small\" aria-hidden=\"true\"><svg aria-hidden=\"true\" focusable=\"false\" data-prefix=\"far\" data-icon=\"chart-bar\" role=\"img\" xmlns=\"http:\/\/www.w3.org\/2000\/svg\" viewBox=\"0 0 512 512\" class=\"svg-inline--fa fa-chart-bar fa-w-16 fa-2x\"><path fill=\"currentColor\" d=\"M396.8 352h22.4c6.4 0 12.8-6.4 12.8-12.8V108.8c0-6.4-6.4-12.8-12.8-12.8h-22.4c-6.4 0-12.8 6.4-12.8 12.8v230.4c0 6.4 6.4 12.8 12.8 12.8zm-192 0h22.4c6.4 0 12.8-6.4 12.8-12.8V140.8c0-6.4-6.4-12.8-12.8-12.8h-22.4c-6.4 0-12.8 6.4-12.8 12.8v198.4c0 6.4 6.4 12.8 12.8 12.8zm96 0h22.4c6.4 0 12.8-6.4 12.8-12.8V204.8c0-6.4-6.4-12.8-12.8-12.8h-22.4c-6.4 0-12.8 6.4-12.8 12.8v134.4c0 6.4 6.4 12.8 12.8 12.8zM496 400H48V80c0-8.84-7.16-16-16-16H16C7.16 64 0 71.16 0 80v336c0 17.67 14.33 32 32 32h464c8.84 0 16-7.16 16-16v-16c0-8.84-7.16-16-16-16zm-387.2-48h22.4c6.4 0 12.8-6.4 12.8-12.8v-70.4c0-6.4-6.4-12.8-12.8-12.8h-22.4c-6.4 0-12.8 6.4-12.8 12.8v70.4c0 6.4 6.4 12.8 12.8 12.8z\" class=\"\"><\/path><\/svg><\/i> <img loading=\"lazy\" decoding=\"async\" width=\"16\" height=\"16\" alt=\"Loading\" src=\"https:\/\/sg-gueterfelde.de\/wp-content\/plugins\/page-views-count\/ajax-loader-2x.gif\" border=0 \/><\/p>\n<div class=\"pvc_clear\"><\/div>\n","protected":false},"excerpt":{"rendered":"<p>In diesem Jahr bestehen wir nun schon 12 Jahre und wir freuen uns immer wieder auf den n\u00e4chsten Mittwoch, wenn es dann hei\u00dft &#8222;Sport frei &#8222;!!! Somit kann ich mit frohem Gewissen sagen, ja, es ist sch\u00f6n f\u00fcr uns alle eine Stunde sportlich t\u00e4tig gewesen zu sein. Unsere Altersstruktur liegt zwischen 65-90 Jahren und f\u00fcr <span class=\"ellipsis\">&hellip;<\/span> <span class=\"more-link-wrap\"><a href=\"https:\/\/sg-gueterfelde.de\/?page_id=820\" class=\"more-link\"><span>Read More &rarr;<\/span><\/a><\/span><\/p>\n<div class=\"pvc_clear\"><\/div>\n<p id=\"pvc_stats_820\" class=\"pvc_stats all  \" data-element-id=\"820\" style=\"\"><i class=\"pvc-stats-icon small\" aria-hidden=\"true\"><svg aria-hidden=\"true\" focusable=\"false\" data-prefix=\"far\" data-icon=\"chart-bar\" role=\"img\" xmlns=\"http:\/\/www.w3.org\/2000\/svg\" viewBox=\"0 0 512 512\" class=\"svg-inline--fa fa-chart-bar fa-w-16 fa-2x\"><path fill=\"currentColor\" d=\"M396.8 352h22.4c6.4 0 12.8-6.4 12.8-12.8V108.8c0-6.4-6.4-12.8-12.8-12.8h-22.4c-6.4 0-12.8 6.4-12.8 12.8v230.4c0 6.4 6.4 12.8 12.8 12.8zm-192 0h22.4c6.4 0 12.8-6.4 12.8-12.8V140.8c0-6.4-6.4-12.8-12.8-12.8h-22.4c-6.4 0-12.8 6.4-12.8 12.8v198.4c0 6.4 6.4 12.8 12.8 12.8zm96 0h22.4c6.4 0 12.8-6.4 12.8-12.8V204.8c0-6.4-6.4-12.8-12.8-12.8h-22.4c-6.4 0-12.8 6.4-12.8 12.8v134.4c0 6.4 6.4 12.8 12.8 12.8zM496 400H48V80c0-8.84-7.16-16-16-16H16C7.16 64 0 71.16 0 80v336c0 17.67 14.33 32 32 32h464c8.84 0 16-7.16 16-16v-16c0-8.84-7.16-16-16-16zm-387.2-48h22.4c6.4 0 12.8-6.4 12.8-12.8v-70.4c0-6.4-6.4-12.8-12.8-12.8h-22.4c-6.4 0-12.8 6.4-12.8 12.8v70.4c0 6.4 6.4 12.8 12.8 12.8z\" class=\"\"><\/path><\/svg><\/i> <img loading=\"lazy\" decoding=\"async\" width=\"16\" height=\"16\" alt=\"Loading\" src=\"https:\/\/sg-gueterfelde.de\/wp-content\/plugins\/page-views-count\/ajax-loader-2x.gif\" border=0 \/><\/p>\n<div class=\"pvc_clear\"><\/div>\n","protected":false},"author":1,"featured_media":0,"parent":0,"menu_order":0,"comment_status":"closed","ping_status":"closed","template":"","meta":{"ngg_post_thumbnail":0,"footnotes":"","_links_to":"","_links_to_target":""},"class_list":["post-820","page","type-page","status-publish","hentry"],"_links":{"self":[{"href":"https:\/\/sg-gueterfelde.de\/index.php?rest_route=\/wp\/v2\/pages\/820","targetHints":{"allow":["GET"]}}],"collection":[{"href":"https:\/\/sg-gueterfelde.de\/index.php?rest_route=\/wp\/v2\/pages"}],"about":[{"href":"https:\/\/sg-gueterfelde.de\/index.php?rest_route=\/wp\/v2\/types\/page"}],"author":[{"embeddable":true,"href":"https:\/\/sg-gueterfelde.de\/index.php?rest_route=\/wp\/v2\/users\/1"}],"replies":[{"embeddable":true,"href":"https:\/\/sg-gueterfelde.de\/index.php?rest_route=%2Fwp%2Fv2%2Fcomments&post=820"}],"version-history":[{"count":1,"href":"https:\/\/sg-gueterfelde.de\/index.php?rest_route=\/wp\/v2\/pages\/820\/revisions"}],"predecessor-version":[{"id":823,"href":"https:\/\/sg-gueterfelde.de\/index.php?rest_route=\/wp\/v2\/pages\/820\/revisions\/823"}],"wp:attachment":[{"href":"https:\/\/sg-gueterfelde.de\/index.php?rest_route=%2Fwp%2Fv2%2Fmedia&parent=820"}],"curies":[{"name":"wp","href":"https:\/\/api.w.org\/{rel}","templated":true}]}}