{"id":826,"date":"2017-04-06T09:37:44","date_gmt":"2017-04-06T09:37:44","guid":{"rendered":"http:\/\/sg-gueterfelde.de\/?page_id=826"},"modified":"2017-04-06T09:37:44","modified_gmt":"2017-04-06T09:37:44","slug":"jahresbericht-aerobic-gruppe-fit-aktiv","status":"publish","type":"page","link":"https:\/\/sg-gueterfelde.de\/?page_id=826","title":{"rendered":"Jahresbericht Aerobic-Gruppe &#8211; Fit &#038; Aktiv"},"content":{"rendered":"<p align=\"JUSTIFY\"><span style=\"font-size: 12px; font-family: verdana,geneva,sans-serif;\">In diesem Jahr feierte unsere Gruppe ihr 10 j\u00e4hriges Jubil\u00e4um. Wir hatten allen Grund zu feiern, nat\u00fcrlich sportlich. Es gab jede Menge Trainings-Highlights<\/span><\/p>\n<p align=\"JUSTIFY\"><span style=\"font-size: 12px; font-family: verdana,geneva,sans-serif;\">Angefangen von 1,5 Stunden Step-Aerobic, Tabata, Freeletics, Joggen um den G\u00fcterfelder See und sonstigen neuen Trainingsmotiven. Wir g\u00f6nnten uns eine sch\u00f6ne Fahrradtour und auch Training auf dem Sportplatz. Im September durfte unser Fitnesscamp in Lindow auch nicht fehlen, dort haben wir den neuen Fitnesstrend \u201eJumping\u201c ausprobiert.<\/span><\/p>\n<p align=\"JUSTIFY\"><span style=\"font-size: 12px; font-family: verdana,geneva,sans-serif;\">Zurzeit besteht unsere Gruppe aus ca. 60 Teilnehmerinnen.<\/span><\/p>\n<p align=\"JUSTIFY\"><span style=\"font-size: 12px; font-family: verdana,geneva,sans-serif;\"><i>\u00dcbungsleiterin: Eila Wehle<\/i><\/span><\/p>\n<p align=\"JUSTIFY\"><a href=\"https:\/\/sg-gueterfelde.de\/wp-content\/uploads\/2017\/04\/sgg_aerobic_jahresbericht17_1.jpg\"><img loading=\"lazy\" decoding=\"async\" class=\"aligncenter size-full wp-image-827\" src=\"https:\/\/sg-gueterfelde.de\/wp-content\/uploads\/2017\/04\/sgg_aerobic_jahresbericht17_1.jpg\" alt=\"\" width=\"500\" height=\"375\" srcset=\"https:\/\/sg-gueterfelde.de\/wp-content\/uploads\/2017\/04\/sgg_aerobic_jahresbericht17_1.jpg 500w, https:\/\/sg-gueterfelde.de\/wp-content\/uploads\/2017\/04\/sgg_aerobic_jahresbericht17_1-300x225.jpg 300w\" sizes=\"auto, (max-width: 500px) 100vw, 500px\" \/><\/a><\/p>\n<p align=\"CENTER\"><strong><span style=\"font-size: 12px; font-family: verdana,geneva,sans-serif;\">Impressionen aus einem erfolgreichen Trainingsjahr 2016<\/span><\/strong><\/p>\n<p align=\"CENTER\"><a href=\"https:\/\/sg-gueterfelde.de\/wp-content\/uploads\/2017\/04\/sgg_aerobic_jahresbericht17_3.jpg\"><img loading=\"lazy\" decoding=\"async\" class=\"aligncenter size-large wp-image-842\" src=\"https:\/\/sg-gueterfelde.de\/wp-content\/uploads\/2017\/04\/sgg_aerobic_jahresbericht17_2.jpg\" alt=\"\" width=\"500\" height=\"281\" srcset=\"https:\/\/sg-gueterfelde.de\/wp-content\/uploads\/2017\/04\/sgg_aerobic_jahresbericht17_2.jpg 500w, https:\/\/sg-gueterfelde.de\/wp-content\/uploads\/2017\/04\/sgg_aerobic_jahresbericht17_2-300x169.jpg 300w\" sizes=\"auto, (max-width: 500px) 100vw, 500px\" \/><\/a><\/p>\n<p align=\"CENTER\"><a href=\"https:\/\/sg-gueterfelde.de\/wp-content\/uploads\/2017\/04\/sgg_aerobic_jahresbericht17_3.jpg\"><img loading=\"lazy\" decoding=\"async\" class=\"aligncenter size-full wp-image-828\" src=\"https:\/\/sg-gueterfelde.de\/wp-content\/uploads\/2017\/04\/sgg_aerobic_jahresbericht17_3.jpg\" alt=\"\" width=\"500\" height=\"375\" srcset=\"https:\/\/sg-gueterfelde.de\/wp-content\/uploads\/2017\/04\/sgg_aerobic_jahresbericht17_3.jpg 500w, https:\/\/sg-gueterfelde.de\/wp-content\/uploads\/2017\/04\/sgg_aerobic_jahresbericht17_3-300x225.jpg 300w\" sizes=\"auto, (max-width: 500px) 100vw, 500px\" \/><\/a><\/p>\n<p align=\"CENTER\"><a href=\"https:\/\/sg-gueterfelde.de\/wp-content\/uploads\/2017\/04\/sgg_aerobic_jahresbericht17_4.jpg\"><img loading=\"lazy\" decoding=\"async\" class=\"aligncenter size-large wp-image-829\" src=\"https:\/\/sg-gueterfelde.de\/wp-content\/uploads\/2017\/04\/sgg_aerobic_jahresbericht17_4.jpg\" alt=\"\" width=\"500\" height=\"281\" srcset=\"https:\/\/sg-gueterfelde.de\/wp-content\/uploads\/2017\/04\/sgg_aerobic_jahresbericht17_4.jpg 500w, https:\/\/sg-gueterfelde.de\/wp-content\/uploads\/2017\/04\/sgg_aerobic_jahresbericht17_4-300x169.jpg 300w\" sizes=\"auto, (max-width: 500px) 100vw, 500px\" \/><\/a><\/p>\n<p align=\"CENTER\"><a href=\"https:\/\/sg-gueterfelde.de\/wp-content\/uploads\/2017\/04\/sgg_aerobic_jahresbericht17_5.jpg\"><img loading=\"lazy\" decoding=\"async\" class=\"aligncenter size-large wp-image-830\" src=\"https:\/\/sg-gueterfelde.de\/wp-content\/uploads\/2017\/04\/sgg_aerobic_jahresbericht17_5.jpg\" alt=\"\" width=\"500\" height=\"281\" srcset=\"https:\/\/sg-gueterfelde.de\/wp-content\/uploads\/2017\/04\/sgg_aerobic_jahresbericht17_5.jpg 500w, https:\/\/sg-gueterfelde.de\/wp-content\/uploads\/2017\/04\/sgg_aerobic_jahresbericht17_5-300x169.jpg 300w\" sizes=\"auto, (max-width: 500px) 100vw, 500px\" \/><\/a><\/p>\n<p align=\"CENTER\"><a href=\"https:\/\/sg-gueterfelde.de\/wp-content\/uploads\/2017\/04\/sgg_aerobic_jahresbericht17_6.jpg\"><img loading=\"lazy\" decoding=\"async\" class=\"aligncenter size-large wp-image-831\" src=\"https:\/\/sg-gueterfelde.de\/wp-content\/uploads\/2017\/04\/sgg_aerobic_jahresbericht17_6.jpg\" alt=\"\" width=\"500\" height=\"281\" srcset=\"https:\/\/sg-gueterfelde.de\/wp-content\/uploads\/2017\/04\/sgg_aerobic_jahresbericht17_6.jpg 500w, https:\/\/sg-gueterfelde.de\/wp-content\/uploads\/2017\/04\/sgg_aerobic_jahresbericht17_6-300x169.jpg 300w\" sizes=\"auto, (max-width: 500px) 100vw, 500px\" \/><\/a><\/p>\n<p align=\"CENTER\"><a href=\"https:\/\/sg-gueterfelde.de\/wp-content\/uploads\/2017\/04\/sgg_aerobic_jahresbericht17_7.jpg\"><img loading=\"lazy\" decoding=\"async\" class=\"aligncenter size-large wp-image-832\" src=\"https:\/\/sg-gueterfelde.de\/wp-content\/uploads\/2017\/04\/sgg_aerobic_jahresbericht17_7.jpg\" alt=\"\" width=\"500\" height=\"281\" srcset=\"https:\/\/sg-gueterfelde.de\/wp-content\/uploads\/2017\/04\/sgg_aerobic_jahresbericht17_7.jpg 500w, https:\/\/sg-gueterfelde.de\/wp-content\/uploads\/2017\/04\/sgg_aerobic_jahresbericht17_7-300x169.jpg 300w\" sizes=\"auto, (max-width: 500px) 100vw, 500px\" \/><\/a><\/p>\n<p align=\"CENTER\"><a href=\"https:\/\/sg-gueterfelde.de\/wp-content\/uploads\/2017\/04\/sgg_aerobic_jahresbericht17_8.jpg\"><img loading=\"lazy\" decoding=\"async\" class=\"aligncenter size-large wp-image-833\" src=\"https:\/\/sg-gueterfelde.de\/wp-content\/uploads\/2017\/04\/sgg_aerobic_jahresbericht17_8.jpg\" alt=\"\" width=\"500\" height=\"281\" srcset=\"https:\/\/sg-gueterfelde.de\/wp-content\/uploads\/2017\/04\/sgg_aerobic_jahresbericht17_8.jpg 500w, https:\/\/sg-gueterfelde.de\/wp-content\/uploads\/2017\/04\/sgg_aerobic_jahresbericht17_8-300x169.jpg 300w\" sizes=\"auto, (max-width: 500px) 100vw, 500px\" \/><\/a><\/p>\n<p align=\"CENTER\"><a href=\"https:\/\/sg-gueterfelde.de\/wp-content\/uploads\/2017\/04\/sgg_aerobic_jahresbericht17_9.jpg\"><img loading=\"lazy\" decoding=\"async\" class=\"aligncenter size-large wp-image-834\" src=\"https:\/\/sg-gueterfelde.de\/wp-content\/uploads\/2017\/04\/sgg_aerobic_jahresbericht17_9.jpg\" alt=\"\" width=\"500\" height=\"281\" srcset=\"https:\/\/sg-gueterfelde.de\/wp-content\/uploads\/2017\/04\/sgg_aerobic_jahresbericht17_9.jpg 500w, https:\/\/sg-gueterfelde.de\/wp-content\/uploads\/2017\/04\/sgg_aerobic_jahresbericht17_9-300x169.jpg 300w\" sizes=\"auto, (max-width: 500px) 100vw, 500px\" \/><\/a><\/p>\n<p align=\"CENTER\"><a href=\"https:\/\/sg-gueterfelde.de\/wp-content\/uploads\/2017\/04\/sgg_aerobic_jahresbericht17_10.jpg\"><img loading=\"lazy\" decoding=\"async\" class=\"aligncenter size-large wp-image-835\" src=\"https:\/\/sg-gueterfelde.de\/wp-content\/uploads\/2017\/04\/sgg_aerobic_jahresbericht17_10.jpg\" alt=\"\" width=\"500\" height=\"375\" srcset=\"https:\/\/sg-gueterfelde.de\/wp-content\/uploads\/2017\/04\/sgg_aerobic_jahresbericht17_10.jpg 500w, https:\/\/sg-gueterfelde.de\/wp-content\/uploads\/2017\/04\/sgg_aerobic_jahresbericht17_10-300x225.jpg 300w\" sizes=\"auto, (max-width: 500px) 100vw, 500px\" \/><\/a><\/p>\n<p align=\"CENTER\"><a href=\"https:\/\/sg-gueterfelde.de\/wp-content\/uploads\/2017\/04\/sgg_aerobic_jahresbericht17_11.jpg\"><img loading=\"lazy\" decoding=\"async\" class=\"aligncenter size-large wp-image-836\" src=\"https:\/\/sg-gueterfelde.de\/wp-content\/uploads\/2017\/04\/sgg_aerobic_jahresbericht17_11.jpg\" alt=\"\" width=\"500\" height=\"281\" srcset=\"https:\/\/sg-gueterfelde.de\/wp-content\/uploads\/2017\/04\/sgg_aerobic_jahresbericht17_11.jpg 500w, https:\/\/sg-gueterfelde.de\/wp-content\/uploads\/2017\/04\/sgg_aerobic_jahresbericht17_11-300x169.jpg 300w\" sizes=\"auto, (max-width: 500px) 100vw, 500px\" \/><\/a><\/p>\n<p align=\"CENTER\"><a href=\"https:\/\/sg-gueterfelde.de\/wp-content\/uploads\/2017\/04\/sgg_aerobic_jahresbericht17_12.jpg\"><img loading=\"lazy\" decoding=\"async\" class=\"aligncenter size-large wp-image-837\" src=\"https:\/\/sg-gueterfelde.de\/wp-content\/uploads\/2017\/04\/sgg_aerobic_jahresbericht17_12.jpg\" alt=\"\" width=\"500\" height=\"375\" srcset=\"https:\/\/sg-gueterfelde.de\/wp-content\/uploads\/2017\/04\/sgg_aerobic_jahresbericht17_12.jpg 500w, https:\/\/sg-gueterfelde.de\/wp-content\/uploads\/2017\/04\/sgg_aerobic_jahresbericht17_12-300x225.jpg 300w\" sizes=\"auto, (max-width: 500px) 100vw, 500px\" \/><\/a><\/p>\n<p align=\"CENTER\"><a href=\"https:\/\/sg-gueterfelde.de\/wp-content\/uploads\/2017\/04\/sgg_aerobic_jahresbericht17_13.jpg\"><img loading=\"lazy\" decoding=\"async\" class=\"aligncenter size-large wp-image-838\" src=\"https:\/\/sg-gueterfelde.de\/wp-content\/uploads\/2017\/04\/sgg_aerobic_jahresbericht17_13.jpg\" alt=\"\" width=\"500\" height=\"375\" srcset=\"https:\/\/sg-gueterfelde.de\/wp-content\/uploads\/2017\/04\/sgg_aerobic_jahresbericht17_13.jpg 500w, https:\/\/sg-gueterfelde.de\/wp-content\/uploads\/2017\/04\/sgg_aerobic_jahresbericht17_13-300x225.jpg 300w\" sizes=\"auto, (max-width: 500px) 100vw, 500px\" \/><\/a><\/p>\n<p align=\"CENTER\"><a href=\"https:\/\/sg-gueterfelde.de\/wp-content\/uploads\/2017\/04\/sgg_aerobic_jahresbericht17_14.jpg\"><img loading=\"lazy\" decoding=\"async\" class=\"aligncenter size-large wp-image-839\" src=\"https:\/\/sg-gueterfelde.de\/wp-content\/uploads\/2017\/04\/sgg_aerobic_jahresbericht17_14.jpg\" alt=\"\" width=\"500\" height=\"375\" srcset=\"https:\/\/sg-gueterfelde.de\/wp-content\/uploads\/2017\/04\/sgg_aerobic_jahresbericht17_14.jpg 500w, https:\/\/sg-gueterfelde.de\/wp-content\/uploads\/2017\/04\/sgg_aerobic_jahresbericht17_14-300x225.jpg 300w\" sizes=\"auto, (max-width: 500px) 100vw, 500px\" \/><\/a><\/p>\n<p align=\"CENTER\"><a href=\"https:\/\/sg-gueterfelde.de\/wp-content\/uploads\/2017\/04\/sgg_aerobic_jahresbericht17_15.jpg\"><img loading=\"lazy\" decoding=\"async\" class=\"aligncenter size-large wp-image-840\" src=\"https:\/\/sg-gueterfelde.de\/wp-content\/uploads\/2017\/04\/sgg_aerobic_jahresbericht17_15.jpg\" alt=\"\" width=\"500\" height=\"375\" srcset=\"https:\/\/sg-gueterfelde.de\/wp-content\/uploads\/2017\/04\/sgg_aerobic_jahresbericht17_15.jpg 500w, https:\/\/sg-gueterfelde.de\/wp-content\/uploads\/2017\/04\/sgg_aerobic_jahresbericht17_15-300x225.jpg 300w\" sizes=\"auto, (max-width: 500px) 100vw, 500px\" \/><\/a><\/p>\n<p align=\"CENTER\"><a href=\"https:\/\/sg-gueterfelde.de\/wp-content\/uploads\/2017\/04\/sgg_aerobic_jahresbericht17_16.jpg\"><img loading=\"lazy\" decoding=\"async\" class=\"aligncenter size-large wp-image-841\" src=\"https:\/\/sg-gueterfelde.de\/wp-content\/uploads\/2017\/04\/sgg_aerobic_jahresbericht17_16.jpg\" alt=\"\" width=\"500\" height=\"375\" srcset=\"https:\/\/sg-gueterfelde.de\/wp-content\/uploads\/2017\/04\/sgg_aerobic_jahresbericht17_16.jpg 500w, https:\/\/sg-gueterfelde.de\/wp-content\/uploads\/2017\/04\/sgg_aerobic_jahresbericht17_16-300x225.jpg 300w\" sizes=\"auto, (max-width: 500px) 100vw, 500px\" \/><\/a><\/p>\n<div class=\"pvc_clear\"><\/div>\n<p id=\"pvc_stats_826\" class=\"pvc_stats all  \" data-element-id=\"826\" style=\"\"><i class=\"pvc-stats-icon small\" aria-hidden=\"true\"><svg aria-hidden=\"true\" focusable=\"false\" data-prefix=\"far\" data-icon=\"chart-bar\" role=\"img\" xmlns=\"http:\/\/www.w3.org\/2000\/svg\" viewBox=\"0 0 512 512\" class=\"svg-inline--fa fa-chart-bar fa-w-16 fa-2x\"><path fill=\"currentColor\" d=\"M396.8 352h22.4c6.4 0 12.8-6.4 12.8-12.8V108.8c0-6.4-6.4-12.8-12.8-12.8h-22.4c-6.4 0-12.8 6.4-12.8 12.8v230.4c0 6.4 6.4 12.8 12.8 12.8zm-192 0h22.4c6.4 0 12.8-6.4 12.8-12.8V140.8c0-6.4-6.4-12.8-12.8-12.8h-22.4c-6.4 0-12.8 6.4-12.8 12.8v198.4c0 6.4 6.4 12.8 12.8 12.8zm96 0h22.4c6.4 0 12.8-6.4 12.8-12.8V204.8c0-6.4-6.4-12.8-12.8-12.8h-22.4c-6.4 0-12.8 6.4-12.8 12.8v134.4c0 6.4 6.4 12.8 12.8 12.8zM496 400H48V80c0-8.84-7.16-16-16-16H16C7.16 64 0 71.16 0 80v336c0 17.67 14.33 32 32 32h464c8.84 0 16-7.16 16-16v-16c0-8.84-7.16-16-16-16zm-387.2-48h22.4c6.4 0 12.8-6.4 12.8-12.8v-70.4c0-6.4-6.4-12.8-12.8-12.8h-22.4c-6.4 0-12.8 6.4-12.8 12.8v70.4c0 6.4 6.4 12.8 12.8 12.8z\" class=\"\"><\/path><\/svg><\/i> <img loading=\"lazy\" decoding=\"async\" width=\"16\" height=\"16\" alt=\"Loading\" src=\"https:\/\/sg-gueterfelde.de\/wp-content\/plugins\/page-views-count\/ajax-loader-2x.gif\" border=0 \/><\/p>\n<div class=\"pvc_clear\"><\/div>\n","protected":false},"excerpt":{"rendered":"<p>In diesem Jahr feierte unsere Gruppe ihr 10 j\u00e4hriges Jubil\u00e4um. Wir hatten allen Grund zu feiern, nat\u00fcrlich sportlich. Es gab jede Menge Trainings-Highlights Angefangen von 1,5 Stunden Step-Aerobic, Tabata, Freeletics, Joggen um den G\u00fcterfelder See und sonstigen neuen Trainingsmotiven. Wir g\u00f6nnten uns eine sch\u00f6ne Fahrradtour und auch Training auf dem Sportplatz. Im September durfte unser <span class=\"ellipsis\">&hellip;<\/span> <span class=\"more-link-wrap\"><a href=\"https:\/\/sg-gueterfelde.de\/?page_id=826\" class=\"more-link\"><span>Read More &rarr;<\/span><\/a><\/span><\/p>\n<div class=\"pvc_clear\"><\/div>\n<p id=\"pvc_stats_826\" class=\"pvc_stats all  \" data-element-id=\"826\" style=\"\"><i class=\"pvc-stats-icon small\" aria-hidden=\"true\"><svg aria-hidden=\"true\" focusable=\"false\" data-prefix=\"far\" data-icon=\"chart-bar\" role=\"img\" xmlns=\"http:\/\/www.w3.org\/2000\/svg\" viewBox=\"0 0 512 512\" class=\"svg-inline--fa fa-chart-bar fa-w-16 fa-2x\"><path fill=\"currentColor\" d=\"M396.8 352h22.4c6.4 0 12.8-6.4 12.8-12.8V108.8c0-6.4-6.4-12.8-12.8-12.8h-22.4c-6.4 0-12.8 6.4-12.8 12.8v230.4c0 6.4 6.4 12.8 12.8 12.8zm-192 0h22.4c6.4 0 12.8-6.4 12.8-12.8V140.8c0-6.4-6.4-12.8-12.8-12.8h-22.4c-6.4 0-12.8 6.4-12.8 12.8v198.4c0 6.4 6.4 12.8 12.8 12.8zm96 0h22.4c6.4 0 12.8-6.4 12.8-12.8V204.8c0-6.4-6.4-12.8-12.8-12.8h-22.4c-6.4 0-12.8 6.4-12.8 12.8v134.4c0 6.4 6.4 12.8 12.8 12.8zM496 400H48V80c0-8.84-7.16-16-16-16H16C7.16 64 0 71.16 0 80v336c0 17.67 14.33 32 32 32h464c8.84 0 16-7.16 16-16v-16c0-8.84-7.16-16-16-16zm-387.2-48h22.4c6.4 0 12.8-6.4 12.8-12.8v-70.4c0-6.4-6.4-12.8-12.8-12.8h-22.4c-6.4 0-12.8 6.4-12.8 12.8v70.4c0 6.4 6.4 12.8 12.8 12.8z\" class=\"\"><\/path><\/svg><\/i> <img loading=\"lazy\" decoding=\"async\" width=\"16\" height=\"16\" alt=\"Loading\" src=\"https:\/\/sg-gueterfelde.de\/wp-content\/plugins\/page-views-count\/ajax-loader-2x.gif\" border=0 \/><\/p>\n<div class=\"pvc_clear\"><\/div>\n","protected":false},"author":1,"featured_media":0,"parent":0,"menu_order":0,"comment_status":"closed","ping_status":"closed","template":"","meta":{"ngg_post_thumbnail":0,"footnotes":"","_links_to":"","_links_to_target":""},"class_list":["post-826","page","type-page","status-publish","hentry"],"_links":{"self":[{"href":"https:\/\/sg-gueterfelde.de\/index.php?rest_route=\/wp\/v2\/pages\/826","targetHints":{"allow":["GET"]}}],"collection":[{"href":"https:\/\/sg-gueterfelde.de\/index.php?rest_route=\/wp\/v2\/pages"}],"about":[{"href":"https:\/\/sg-gueterfelde.de\/index.php?rest_route=\/wp\/v2\/types\/page"}],"author":[{"embeddable":true,"href":"https:\/\/sg-gueterfelde.de\/index.php?rest_route=\/wp\/v2\/users\/1"}],"replies":[{"embeddable":true,"href":"https:\/\/sg-gueterfelde.de\/index.php?rest_route=%2Fwp%2Fv2%2Fcomments&post=826"}],"version-history":[{"count":1,"href":"https:\/\/sg-gueterfelde.de\/index.php?rest_route=\/wp\/v2\/pages\/826\/revisions"}],"predecessor-version":[{"id":843,"href":"https:\/\/sg-gueterfelde.de\/index.php?rest_route=\/wp\/v2\/pages\/826\/revisions\/843"}],"wp:attachment":[{"href":"https:\/\/sg-gueterfelde.de\/index.php?rest_route=%2Fwp%2Fv2%2Fmedia&parent=826"}],"curies":[{"name":"wp","href":"https:\/\/api.w.org\/{rel}","templated":true}]}}