{"id":895,"date":"2017-10-23T09:42:30","date_gmt":"2017-10-23T09:42:30","guid":{"rendered":"http:\/\/sg-gueterfelde.de\/?page_id=895"},"modified":"2017-10-23T09:42:30","modified_gmt":"2017-10-23T09:42:30","slug":"unser-konzert-am-pfingstmontag-2017","status":"publish","type":"page","link":"https:\/\/sg-gueterfelde.de\/?page_id=895","title":{"rendered":"Unser  Konzert am Pfingstmontag 2017"},"content":{"rendered":"<p><span style=\"font-family: verdana,geneva,sans-serif; font-size: 12px;\">Alles war gut vorbereitet, als am Pfingstmontag um 10.00 Uhr die G\u00e4ste kamen, um f\u00fcr vier Stunden Musik im Gr\u00fcnen zu h\u00f6ren.<\/span><\/p>\n<p align=\"JUSTIFY\"><span style=\"font-size: 12px; font-family: verdana,geneva,sans-serif;\"><a href=\"https:\/\/sg-gueterfelde.de\/wp-content\/uploads\/2017\/10\/sgg_konzert_2017_1.jpg\"><img loading=\"lazy\" decoding=\"async\" class=\"aligncenter size-full wp-image-896\" src=\"https:\/\/sg-gueterfelde.de\/wp-content\/uploads\/2017\/10\/sgg_konzert_2017_1.jpg\" alt=\"\" width=\"640\" height=\"360\" srcset=\"https:\/\/sg-gueterfelde.de\/wp-content\/uploads\/2017\/10\/sgg_konzert_2017_1.jpg 640w, https:\/\/sg-gueterfelde.de\/wp-content\/uploads\/2017\/10\/sgg_konzert_2017_1-300x169.jpg 300w\" sizes=\"auto, (max-width: 640px) 100vw, 640px\" \/><\/a> <\/span><\/p>\n<p align=\"JUSTIFY\"><span style=\"font-family: verdana,geneva,sans-serif; font-size: 12px;\">Schon am Freitag wurde von Sportfreunden eine zus\u00e4tzliche B\u00fchne aufgebaut, am Sonntag St\u00fchle, B\u00e4nke und Tische herangeschafft, die dann am Montag fr\u00fch von vielen flei\u00dfigen Helfenden aus der Sportgemeinschaft aufgestellt wurden. Auch das Aufr\u00e4umen am Dienstag wurde mit vielfacher Unterst\u00fctzung schnell geschafft. Die anschlie\u00dfende Runde mit Kartoffelsalat und W\u00fcrstchen war ein gelungenes Dankesch\u00f6n.<\/span><\/p>\n<p align=\"JUSTIFY\"><span style=\"font-family: verdana,geneva,sans-serif; font-size: 12px;\">Das Pfingstkonzert war wieder einmal eine sehr gelungene Veranstaltung der Sportgemeinschaft, unterst\u00fctzt vom Ortsbeirat und dem B\u00fcrgerhaus G\u00fcterfelde. Unser Dank gilt den Sportfreund-Innen, die sich so engagiert eingebracht haben.<\/span><\/p>\n<p align=\"JUSTIFY\"><span style=\"font-family: verdana,geneva,sans-serif; font-size: 12px;\">So viele G\u00e4ste, zwei schwungvolle Kapellen, vielerlei Essen und Trinken, dazu Sonne und ein weitl\u00e4ufiger gr\u00fcner Garten \u2026 was kann besser sein, um einige sch\u00f6ne gesellige Stunden zu erleben? <\/span><\/p>\n<p align=\"JUSTIFY\"><span style=\"font-size: 12px; font-family: verdana,geneva,sans-serif;\"><a href=\"https:\/\/sg-gueterfelde.de\/wp-content\/uploads\/2017\/10\/sgg_konzert_2017_2.jpg\"><img loading=\"lazy\" decoding=\"async\" class=\"aligncenter size-full wp-image-897\" src=\"https:\/\/sg-gueterfelde.de\/wp-content\/uploads\/2017\/10\/sgg_konzert_2017_2.jpg\" alt=\"\" width=\"640\" height=\"360\" srcset=\"https:\/\/sg-gueterfelde.de\/wp-content\/uploads\/2017\/10\/sgg_konzert_2017_2.jpg 640w, https:\/\/sg-gueterfelde.de\/wp-content\/uploads\/2017\/10\/sgg_konzert_2017_2-300x169.jpg 300w\" sizes=\"auto, (max-width: 640px) 100vw, 640px\" \/><\/a> <\/span><\/p>\n<p align=\"JUSTIFY\"><span style=\"font-size: 12px; font-family: verdana,geneva,sans-serif;\">Wir haben uns \u00fcber die vielen G\u00e4ste gefreut, die von der Vorsitzenden der SG, <i>Elvira Waldmann<\/i>, dem B\u00fcrgermeister von Stahnsdorf, <i>Bernd Albers<\/i>, und dem Ortsvorsteher, <i>Dietrich Huckshold<\/i>, in G\u00fcterfelde begr\u00fc\u00dft werden konnten.<\/span><\/p>\n<p align=\"JUSTIFY\"><span style=\"font-size: 12px; font-family: verdana,geneva,sans-serif;\"><a href=\"https:\/\/sg-gueterfelde.de\/wp-content\/uploads\/2017\/10\/sgg_konzert_2017_3.jpg\"><img loading=\"lazy\" decoding=\"async\" class=\"aligncenter size-full wp-image-898\" src=\"https:\/\/sg-gueterfelde.de\/wp-content\/uploads\/2017\/10\/sgg_konzert_2017_3.jpg\" alt=\"\" width=\"640\" height=\"480\" srcset=\"https:\/\/sg-gueterfelde.de\/wp-content\/uploads\/2017\/10\/sgg_konzert_2017_3.jpg 640w, https:\/\/sg-gueterfelde.de\/wp-content\/uploads\/2017\/10\/sgg_konzert_2017_3-300x225.jpg 300w\" sizes=\"auto, (max-width: 640px) 100vw, 640px\" \/><\/a> <\/span><\/p>\n<p align=\"JUSTIFY\"><span style=\"font-family: verdana,geneva,sans-serif; font-size: 12px;\">Die Musiker haben mit viel Freude gespielt und f\u00fcr eine sehr frohe Stimmung und tanzende G\u00e4ste gesorgt. Ein gro\u00dfes \u201eDankesch\u00f6n\u201c gilt dem \u201eBlasorchester St\u00fccken\u201c und der swingenden \u201eAlte Wache\u201c aus Potsdam. <\/span><\/p>\n<p align=\"JUSTIFY\"><span style=\"font-size: 12px; font-family: verdana,geneva,sans-serif;\"><a href=\"https:\/\/sg-gueterfelde.de\/wp-content\/uploads\/2017\/10\/sgg_konzert_2017_4.jpg\"><img loading=\"lazy\" decoding=\"async\" class=\"aligncenter size-full wp-image-900\" src=\"https:\/\/sg-gueterfelde.de\/wp-content\/uploads\/2017\/10\/sgg_konzert_2017_4.jpg\" alt=\"\" width=\"640\" height=\"360\" srcset=\"https:\/\/sg-gueterfelde.de\/wp-content\/uploads\/2017\/10\/sgg_konzert_2017_4.jpg 640w, https:\/\/sg-gueterfelde.de\/wp-content\/uploads\/2017\/10\/sgg_konzert_2017_4-300x169.jpg 300w\" sizes=\"auto, (max-width: 640px) 100vw, 640px\" \/><\/a><\/span><\/p>\n<p align=\"JUSTIFY\"><span style=\"font-size: 12px; font-family: verdana,geneva,sans-serif;\"><a href=\"https:\/\/sg-gueterfelde.de\/wp-content\/uploads\/2017\/10\/sgg_konzert_2017_5.jpg\"><img loading=\"lazy\" decoding=\"async\" class=\"aligncenter size-full wp-image-899\" src=\"https:\/\/sg-gueterfelde.de\/wp-content\/uploads\/2017\/10\/sgg_konzert_2017_5.jpg\" alt=\"\" width=\"480\" height=\"640\" srcset=\"https:\/\/sg-gueterfelde.de\/wp-content\/uploads\/2017\/10\/sgg_konzert_2017_5.jpg 480w, https:\/\/sg-gueterfelde.de\/wp-content\/uploads\/2017\/10\/sgg_konzert_2017_5-225x300.jpg 225w\" sizes=\"auto, (max-width: 480px) 100vw, 480px\" \/><\/a> <\/span><\/p>\n<p><span style=\"font-family: verdana,geneva,sans-serif; font-size: 12px;\"><i>Bericht: E. Waldmann<\/i><\/span><\/p>\n<p align=\"JUSTIFY\">\n<div class=\"pvc_clear\"><\/div>\n<p id=\"pvc_stats_895\" class=\"pvc_stats all  \" data-element-id=\"895\" style=\"\"><i class=\"pvc-stats-icon small\" aria-hidden=\"true\"><svg aria-hidden=\"true\" focusable=\"false\" data-prefix=\"far\" data-icon=\"chart-bar\" role=\"img\" xmlns=\"http:\/\/www.w3.org\/2000\/svg\" viewBox=\"0 0 512 512\" class=\"svg-inline--fa fa-chart-bar fa-w-16 fa-2x\"><path fill=\"currentColor\" d=\"M396.8 352h22.4c6.4 0 12.8-6.4 12.8-12.8V108.8c0-6.4-6.4-12.8-12.8-12.8h-22.4c-6.4 0-12.8 6.4-12.8 12.8v230.4c0 6.4 6.4 12.8 12.8 12.8zm-192 0h22.4c6.4 0 12.8-6.4 12.8-12.8V140.8c0-6.4-6.4-12.8-12.8-12.8h-22.4c-6.4 0-12.8 6.4-12.8 12.8v198.4c0 6.4 6.4 12.8 12.8 12.8zm96 0h22.4c6.4 0 12.8-6.4 12.8-12.8V204.8c0-6.4-6.4-12.8-12.8-12.8h-22.4c-6.4 0-12.8 6.4-12.8 12.8v134.4c0 6.4 6.4 12.8 12.8 12.8zM496 400H48V80c0-8.84-7.16-16-16-16H16C7.16 64 0 71.16 0 80v336c0 17.67 14.33 32 32 32h464c8.84 0 16-7.16 16-16v-16c0-8.84-7.16-16-16-16zm-387.2-48h22.4c6.4 0 12.8-6.4 12.8-12.8v-70.4c0-6.4-6.4-12.8-12.8-12.8h-22.4c-6.4 0-12.8 6.4-12.8 12.8v70.4c0 6.4 6.4 12.8 12.8 12.8z\" class=\"\"><\/path><\/svg><\/i> <img loading=\"lazy\" decoding=\"async\" width=\"16\" height=\"16\" alt=\"Loading\" src=\"https:\/\/sg-gueterfelde.de\/wp-content\/plugins\/page-views-count\/ajax-loader-2x.gif\" border=0 \/><\/p>\n<div class=\"pvc_clear\"><\/div>\n","protected":false},"excerpt":{"rendered":"<p>Alles war gut vorbereitet, als am Pfingstmontag um 10.00 Uhr die G\u00e4ste kamen, um f\u00fcr vier Stunden Musik im Gr\u00fcnen zu h\u00f6ren. Schon am Freitag wurde von Sportfreunden eine zus\u00e4tzliche B\u00fchne aufgebaut, am Sonntag St\u00fchle, B\u00e4nke und Tische herangeschafft, die dann am Montag fr\u00fch von vielen flei\u00dfigen Helfenden aus der Sportgemeinschaft aufgestellt wurden. Auch das <span class=\"ellipsis\">&hellip;<\/span> <span class=\"more-link-wrap\"><a href=\"https:\/\/sg-gueterfelde.de\/?page_id=895\" class=\"more-link\"><span>Read More &rarr;<\/span><\/a><\/span><\/p>\n<div class=\"pvc_clear\"><\/div>\n<p id=\"pvc_stats_895\" class=\"pvc_stats all  \" data-element-id=\"895\" style=\"\"><i class=\"pvc-stats-icon small\" aria-hidden=\"true\"><svg aria-hidden=\"true\" focusable=\"false\" data-prefix=\"far\" data-icon=\"chart-bar\" role=\"img\" xmlns=\"http:\/\/www.w3.org\/2000\/svg\" viewBox=\"0 0 512 512\" class=\"svg-inline--fa fa-chart-bar fa-w-16 fa-2x\"><path fill=\"currentColor\" d=\"M396.8 352h22.4c6.4 0 12.8-6.4 12.8-12.8V108.8c0-6.4-6.4-12.8-12.8-12.8h-22.4c-6.4 0-12.8 6.4-12.8 12.8v230.4c0 6.4 6.4 12.8 12.8 12.8zm-192 0h22.4c6.4 0 12.8-6.4 12.8-12.8V140.8c0-6.4-6.4-12.8-12.8-12.8h-22.4c-6.4 0-12.8 6.4-12.8 12.8v198.4c0 6.4 6.4 12.8 12.8 12.8zm96 0h22.4c6.4 0 12.8-6.4 12.8-12.8V204.8c0-6.4-6.4-12.8-12.8-12.8h-22.4c-6.4 0-12.8 6.4-12.8 12.8v134.4c0 6.4 6.4 12.8 12.8 12.8zM496 400H48V80c0-8.84-7.16-16-16-16H16C7.16 64 0 71.16 0 80v336c0 17.67 14.33 32 32 32h464c8.84 0 16-7.16 16-16v-16c0-8.84-7.16-16-16-16zm-387.2-48h22.4c6.4 0 12.8-6.4 12.8-12.8v-70.4c0-6.4-6.4-12.8-12.8-12.8h-22.4c-6.4 0-12.8 6.4-12.8 12.8v70.4c0 6.4 6.4 12.8 12.8 12.8z\" class=\"\"><\/path><\/svg><\/i> <img loading=\"lazy\" decoding=\"async\" width=\"16\" height=\"16\" alt=\"Loading\" src=\"https:\/\/sg-gueterfelde.de\/wp-content\/plugins\/page-views-count\/ajax-loader-2x.gif\" border=0 \/><\/p>\n<div class=\"pvc_clear\"><\/div>\n","protected":false},"author":1,"featured_media":0,"parent":0,"menu_order":0,"comment_status":"closed","ping_status":"closed","template":"","meta":{"ngg_post_thumbnail":0,"footnotes":"","_links_to":"","_links_to_target":""},"class_list":["post-895","page","type-page","status-publish","hentry"],"_links":{"self":[{"href":"https:\/\/sg-gueterfelde.de\/index.php?rest_route=\/wp\/v2\/pages\/895","targetHints":{"allow":["GET"]}}],"collection":[{"href":"https:\/\/sg-gueterfelde.de\/index.php?rest_route=\/wp\/v2\/pages"}],"about":[{"href":"https:\/\/sg-gueterfelde.de\/index.php?rest_route=\/wp\/v2\/types\/page"}],"author":[{"embeddable":true,"href":"https:\/\/sg-gueterfelde.de\/index.php?rest_route=\/wp\/v2\/users\/1"}],"replies":[{"embeddable":true,"href":"https:\/\/sg-gueterfelde.de\/index.php?rest_route=%2Fwp%2Fv2%2Fcomments&post=895"}],"version-history":[{"count":1,"href":"https:\/\/sg-gueterfelde.de\/index.php?rest_route=\/wp\/v2\/pages\/895\/revisions"}],"predecessor-version":[{"id":901,"href":"https:\/\/sg-gueterfelde.de\/index.php?rest_route=\/wp\/v2\/pages\/895\/revisions\/901"}],"wp:attachment":[{"href":"https:\/\/sg-gueterfelde.de\/index.php?rest_route=%2Fwp%2Fv2%2Fmedia&parent=895"}],"curies":[{"name":"wp","href":"https:\/\/api.w.org\/{rel}","templated":true}]}}